{"version":"1.0","provider_name":"Um\u011bleckopr\u016fmyslov\u00e9 museum v Praze","provider_url":"https:\/\/www.upm.cz\/an","author_name":"Radka Potm\u011b\u0161ilov\u00e1","author_url":"https:\/\/www.upm.cz\/an\/author\/radka_p\/","title":"FRANTI\u0160EK PE\u010cEN\u00dd \u2013 DESIGN\u00c9R LISOVAN\u00c9HO SKLA - Um\u011bleckopr\u016fmyslov\u00e9 museum v Praze","type":"rich","width":600,"height":338,"html":"<blockquote class=\"wp-embedded-content\" data-secret=\"FVrOt0wl4J\"><a href=\"https:\/\/www.upm.cz\/an\/eshop\/frantisek-peceny\/\">FRANTI\u0160EK PE\u010cEN\u00dd \u2013 DESIGN\u00c9R LISOVAN\u00c9HO SKLA<\/a><\/blockquote><iframe sandbox=\"allow-scripts\" security=\"restricted\" src=\"https:\/\/www.upm.cz\/an\/eshop\/frantisek-peceny\/embed\/#?secret=FVrOt0wl4J\" width=\"600\" height=\"338\" title=\"&#8220;FRANTI\u0160EK PE\u010cEN\u00dd \u2013 DESIGN\u00c9R LISOVAN\u00c9HO SKLA&#8221; &#8212; Um\u011bleckopr\u016fmyslov\u00e9 museum v Praze\" data-secret=\"FVrOt0wl4J\" frameborder=\"0\" marginwidth=\"0\" marginheight=\"0\" scrolling=\"no\" class=\"wp-embedded-content\"><\/iframe><script>\n\/*! This file is auto-generated *\/\n!function(d,l){\"use strict\";l.querySelector&&d.addEventListener&&\"undefined\"!=typeof URL&&(d.wp=d.wp||{},d.wp.receiveEmbedMessage||(d.wp.receiveEmbedMessage=function(e){var t=e.data;if((t||t.secret||t.message||t.value)&&!\/[^a-zA-Z0-9]\/.test(t.secret)){for(var s,r,n,a=l.querySelectorAll('iframe[data-secret=\"'+t.secret+'\"]'),o=l.querySelectorAll('blockquote[data-secret=\"'+t.secret+'\"]'),c=new RegExp(\"^https?:$\",\"i\"),i=0;i<o.length;i++)o[i].style.display=\"none\";for(i=0;i<a.length;i++)s=a[i],e.source===s.contentWindow&&(s.removeAttribute(\"style\"),\"height\"===t.message?(1e3<(r=parseInt(t.value,10))?r=1e3:~~r<200&&(r=200),s.height=r):\"link\"===t.message&&(r=new URL(s.getAttribute(\"src\")),n=new URL(t.value),c.test(n.protocol))&&n.host===r.host&&l.activeElement===s&&(d.top.location.href=t.value))}},d.addEventListener(\"message\",d.wp.receiveEmbedMessage,!1),l.addEventListener(\"DOMContentLoaded\",function(){for(var e,t,s=l.querySelectorAll(\"iframe.wp-embedded-content\"),r=0;r<s.length;r++)(t=(e=s[r]).getAttribute(\"data-secret\"))||(t=Math.random().toString(36).substring(2,12),e.src+=\"#?secret=\"+t,e.setAttribute(\"data-secret\",t)),e.contentWindow.postMessage({message:\"ready\",secret:t},\"*\")},!1)))}(window,document);\n\/\/# sourceURL=https:\/\/www.upm.cz\/wp-includes\/js\/wp-embed.min.js\n<\/script>","thumbnail_url":"https:\/\/www.upm.cz\/wp-content\/uploads\/Peceny.jpg","thumbnail_width":1001,"thumbnail_height":1203,"description":"Franti\u0161ek Pe\u010den\u00fd (1920-1977) byl skl\u00e1\u0159sk\u00fd v\u00fdtvarn\u00edk zam\u011b\u0159en\u00fd na design ru\u010dn\u011b a poloautomaticky vyr\u00e1b\u011bn\u00e9ho lisovan\u00e9ho dekorativn\u00edho a u\u017eitkov\u00e9ho skla. Pat\u0159il k prvn\u00edm n\u00e1vrh\u00e1\u0159\u016fm, kte\u0159\u00ed ve slo\u017eit\u00e9m pov\u00e1le\u010dn\u00e9m obdob\u00ed napom\u00e1hali obnov\u011b a rozvoji \u010deskoslovensk\u00e9ho skl\u00e1\u0159sk\u00e9ho pr\u016fmyslu, pod\u00edlel se na \u00fasp\u011bchu \u010deskoslovensk\u00e9ho skl\u00e1\u0159stv\u00ed na EXPO 1958 v Bruselu a podstatn\u011b spoluur\u010doval a obohatil produkci lisovan\u00e9ho skla \u0161edes\u00e1t\u00fdch a sedmdes\u00e1t\u00fdch let. Design\u00e9rsk\u00e1 \u010dinnost Franti\u0161ka Pe\u010den\u00e9ho byla po t\u0159i desetilet\u00ed, v letech 1947 a\u017e 1977, spojena se skl\u00e1rnou v He\u0159manov\u011b Huti u Plzn\u011b. P\u0159\u00edstupem ke skl\u00e1\u0159sk\u00e9mu designu se sna\u017eil pov\u00fd\u0161it v\u00fdtvarn\u00fd vzhled a estetickou hodnotu b\u011b\u017en\u00fdch s\u00e9riov\u00fdch v\u00fdrobk\u016f. V jeho n\u00e1vrz\u00edch se odr\u00e1\u017eely soudob\u00e9 um\u011bleck\u00e9 tendence, principy organick\u00e9ho a biomorfn\u00edho designu \u010di op-artu. Osobitou a origin\u00e1ln\u00ed, p\u0159esto dosud nedocen\u011bnou tvorbou z\u00e1sadn\u011b p\u0159isp\u011bl k modern\u00ed podob\u011b \u010deskoslovensk\u00e9ho lisovan\u00e9ho skla. Monografie p\u0159ibli\u017euje tak\u00e9 Pe\u010den\u00e9ho soukromou tvorbu, kresbu, krajinomalbu a malbu z\u00e1ti\u0161\u00ed."}

Uměleckoprůmyslové museum v Praze

Radka Potměšilová

FRANTIŠEK PEČENÝ – DESIGNÉR LISOVANÉHO SKLA - Uměleckoprůmyslové museum v Praze

<blockquote class="wp-embedded-content" data-secret="FVrOt0wl4J"><a href="https://www.upm.cz/an/eshop/frantisek-peceny/">FRANTIŠEK PEČENÝ – DESIGNÉR LISOVANÉHO SKLA</a></blockquote><iframe sandbox="allow-scripts" security="restricted" src="https://www.upm.cz/an/eshop/frantisek-peceny/embed/#?secret=FVrOt0wl4J" width="600" height="338" title="&#8220;FRANTIŠEK PEČENÝ – DESIGNÉR LISOVANÉHO SKLA&#8221; &#8212; Uměleckoprůmyslové museum v Praze" data-secret="FVrOt0wl4J" frameborder="0" marginwidth="0" marginheight="0" scrolling="no" class="wp-embedded-content"></iframe><script>
/*! This file is auto-generated */
!function(d,l){"use strict";l.querySelector&&d.addEventListener&&"undefined"!=typeof URL&&(d.wp=d.wp||{},d.wp.receiveEmbedMessage||(d.wp.receiveEmbedMessage=function(e){var t=e.data;if((t||t.secret||t.message||t.value)&&!/[^a-zA-Z0-9]/.test(t.secret)){for(var s,r,n,a=l.querySelectorAll('iframe[data-secret="'+t.secret+'"]'),o=l.querySelectorAll('blockquote[data-secret="'+t.secret+'"]'),c=new RegExp("^https?:$","i"),i=0;i<o.length;i++)o[i].style.display="none";for(i=0;i<a.length;i++)s=a[i],e.source===s.contentWindow&&(s.removeAttribute("style"),"height"===t.message?(1e3<(r=parseInt(t.value,10))?r=1e3:~~r<200&&(r=200),s.height=r):"link"===t.message&&(r=new URL(s.getAttribute("src")),n=new URL(t.value),c.test(n.protocol))&&n.host===r.host&&l.activeElement===s&&(d.top.location.href=t.value))}},d.addEventListener("message",d.wp.receiveEmbedMessage,!1),l.addEventListener("DOMContentLoaded",function(){for(var e,t,s=l.querySelectorAll("iframe.wp-embedded-content"),r=0;r<s.length;r++)(t=(e=s[r]).getAttribute("data-secret"))||(t=Math.random().toString(36).substring(2,12),e.src+="#?secret="+t,e.setAttribute("data-secret",t)),e.contentWindow.postMessage({message:"ready",secret:t},"*")},!1)))}(window,document);
//# sourceURL=https://www.upm.cz/wp-includes/js/wp-embed.min.js
</script>

František Pečený (1920-1977) byl sklářský výtvarník zaměřený na design ručně a poloautomaticky vyráběného lisovaného dekorativního a užitkového skla. Patřil k prvním návrhářům, kteří ve složitém poválečném období napomáhali obnově a rozvoji československého sklářského průmyslu, podílel se na úspěchu československého sklářství na EXPO 1958 v Bruselu a podstatně spoluurčoval a obohatil produkci lisovaného skla šedesátých a sedmdesátých let. Designérská činnost Františka Pečeného byla po tři desetiletí, v letech 1947 až 1977, spojena se sklárnou v Heřmanově Huti u Plzně. Přístupem ke sklářskému designu se snažil povýšit výtvarný vzhled a estetickou hodnotu běžných sériových výrobků. V jeho návrzích se odrážely soudobé umělecké tendence, principy organického a biomorfního designu či op-artu. Osobitou a originální, přesto dosud nedoceněnou tvorbou zásadně přispěl k moderní podobě československého lisovaného skla. Monografie přibližuje také Pečeného soukromou tvorbu, kresbu, krajinomalbu a malbu zátiší.
