{"id":10129,"date":"2021-11-13T12:12:49","date_gmt":"2021-11-13T11:12:49","guid":{"rendered":"https:\/\/www.upm.cz\/?post_type=product&#038;p=10129"},"modified":"2025-04-02T09:51:17","modified_gmt":"2025-04-02T07:51:17","slug":"nastenne-hodiny-zlute","status":"publish","type":"product","link":"https:\/\/www.upm.cz\/an\/eshop\/nastenne-hodiny-zlute\/","title":{"rendered":"N\u00c1ST\u011aNN\u00c9 HODINY \u017dLUT\u00c9"},"content":{"rendered":"","protected":false},"excerpt":{"rendered":"<p>Jednoduch\u00e9 hodiny v&nbsp;d\u00e1rkov\u00e9m balen\u00ed. Koncepce a&nbsp;design Mat\u011bj \u010cin\u010dera &amp; Jan Kloss, ilustrace Victoria Loshakov\u00e1. Pr\u016fm\u011br cca 30 cm.<\/p>","protected":false},"featured_media":10088,"template":"","meta":{"_acf_changed":false},"product_brand":[],"product_cat":[49],"product_tag":[],"class_list":{"0":"post-10129","1":"product","2":"type-product","3":"status-publish","4":"has-post-thumbnail","6":"product_cat-ostatni","8":"first","9":"outofstock","10":"shipping-taxable","11":"purchasable","12":"product-type-simple"},"acf":[],"yoast_head":"<!-- This site is optimized with the Yoast SEO plugin v26.9 - https:\/\/yoast.com\/product\/yoast-seo-wordpress\/ -->\n<title>N\u00c1ST\u011aNN\u00c9 HODINY \u017dLUT\u00c9 - Um\u011bleckopr\u016fmyslov\u00e9 museum v Praze<\/title>\n<meta name=\"description\" content=\"Jednoduch\u00e9 hodiny v d\u00e1rkov\u00e9m balen\u00ed. Koncepce a design Mat\u011bj \u010cin\u010dera &amp; Jan Kloss, ilustrace Victoria Loshakov\u00e1. Pr\u016fm\u011br cca 30 cm.\" \/>\n<meta name=\"robots\" content=\"index, follow, max-snippet:-1, max-image-preview:large, max-video-preview:-1\" \/>\n<link rel=\"canonical\" href=\"https:\/\/www.upm.cz\/an\/eshop\/nastenne-hodiny-zlute\/\" \/>\n<meta property=\"og:locale\" content=\"en_US\" \/>\n<meta property=\"og:type\" content=\"article\" \/>\n<meta property=\"og:title\" content=\"N\u00c1ST\u011aNN\u00c9 HODINY \u017dLUT\u00c9 - Um\u011bleckopr\u016fmyslov\u00e9 museum v Praze\" \/>\n<meta property=\"og:description\" content=\"Jednoduch\u00e9 hodiny v d\u00e1rkov\u00e9m balen\u00ed. Koncepce a design Mat\u011bj \u010cin\u010dera &amp; Jan Kloss, ilustrace Victoria Loshakov\u00e1. Pr\u016fm\u011br cca 30 cm.\" \/>\n<meta property=\"og:url\" content=\"https:\/\/www.upm.cz\/an\/eshop\/nastenne-hodiny-zlute\/\" \/>\n<meta property=\"og:site_name\" content=\"Um\u011bleckopr\u016fmyslov\u00e9 museum v Praze\" \/>\n<meta property=\"article:modified_time\" content=\"2025-04-02T07:51:17+00:00\" \/>\n<meta property=\"og:image\" content=\"https:\/\/www.upm.cz\/wp-content\/uploads\/DSC7094-1.jpg\" \/>\n\t<meta property=\"og:image:width\" content=\"1700\" \/>\n\t<meta property=\"og:image:height\" content=\"1133\" \/>\n\t<meta property=\"og:image:type\" content=\"image\/jpeg\" \/>\n<meta name=\"twitter:card\" content=\"summary_large_image\" \/>\n<script type=\"application\/ld+json\" class=\"yoast-schema-graph\">{\"@context\":\"https:\/\/schema.org\",\"@graph\":[{\"@type\":\"WebPage\",\"@id\":\"https:\/\/www.upm.cz\/eshop\/nastenne-hodiny-zlute\/\",\"url\":\"https:\/\/www.upm.cz\/eshop\/nastenne-hodiny-zlute\/\",\"name\":\"N\u00c1ST\u011aNN\u00c9 HODINY \u017dLUT\u00c9 - Um\u011bleckopr\u016fmyslov\u00e9 museum v Praze\",\"isPartOf\":{\"@id\":\"https:\/\/www.upm.cz\/#website\"},\"primaryImageOfPage\":{\"@id\":\"https:\/\/www.upm.cz\/eshop\/nastenne-hodiny-zlute\/#primaryimage\"},\"image\":{\"@id\":\"https:\/\/www.upm.cz\/eshop\/nastenne-hodiny-zlute\/#primaryimage\"},\"thumbnailUrl\":\"https:\/\/www.upm.cz\/wp-content\/uploads\/DSC7094-1.jpg\",\"datePublished\":\"2021-11-13T11:12:49+00:00\",\"dateModified\":\"2025-04-02T07:51:17+00:00\",\"description\":\"Jednoduch\u00e9 hodiny v d\u00e1rkov\u00e9m balen\u00ed. Koncepce a design Mat\u011bj \u010cin\u010dera & Jan Kloss, ilustrace Victoria Loshakov\u00e1. Pr\u016fm\u011br cca 30 cm.\",\"breadcrumb\":{\"@id\":\"https:\/\/www.upm.cz\/eshop\/nastenne-hodiny-zlute\/#breadcrumb\"},\"inLanguage\":\"en-US\",\"potentialAction\":[{\"@type\":\"ReadAction\",\"target\":[\"https:\/\/www.upm.cz\/eshop\/nastenne-hodiny-zlute\/\"]}]},{\"@type\":\"ImageObject\",\"inLanguage\":\"en-US\",\"@id\":\"https:\/\/www.upm.cz\/eshop\/nastenne-hodiny-zlute\/#primaryimage\",\"url\":\"https:\/\/www.upm.cz\/wp-content\/uploads\/DSC7094-1.jpg\",\"contentUrl\":\"https:\/\/www.upm.cz\/wp-content\/uploads\/DSC7094-1.jpg\",\"width\":1700,\"height\":1133,\"caption\":\"Jednoduch\u00e9 hodiny v d\u00e1rkov\u00e9m balen\u00ed z d\u00edlny grafick\u00e9ho studia OKOLO (Mat\u011bj \u010cin\u010dera, Jan Kloss, Adam \u0160t\u011bch).\u00a0\"},{\"@type\":\"BreadcrumbList\",\"@id\":\"https:\/\/www.upm.cz\/eshop\/nastenne-hodiny-zlute\/#breadcrumb\",\"itemListElement\":[{\"@type\":\"ListItem\",\"position\":1,\"name\":\"Dom\u016f\",\"item\":\"https:\/\/www.upm.cz\/\"},{\"@type\":\"ListItem\",\"position\":2,\"name\":\"eshop\",\"item\":\"https:\/\/www.upm.cz\/eshop\/\"},{\"@type\":\"ListItem\",\"position\":3,\"name\":\"N\u00c1ST\u011aNN\u00c9 HODINY \u017dLUT\u00c9\"}]},{\"@type\":\"WebSite\",\"@id\":\"https:\/\/www.upm.cz\/#website\",\"url\":\"https:\/\/www.upm.cz\/\",\"name\":\"Um\u011bleckopr\u016fmyslov\u00e9 museum v Praze\",\"description\":\"\",\"publisher\":{\"@id\":\"https:\/\/www.upm.cz\/#organization\"},\"potentialAction\":[{\"@type\":\"SearchAction\",\"target\":{\"@type\":\"EntryPoint\",\"urlTemplate\":\"https:\/\/www.upm.cz\/?s={search_term_string}\"},\"query-input\":{\"@type\":\"PropertyValueSpecification\",\"valueRequired\":true,\"valueName\":\"search_term_string\"}}],\"inLanguage\":\"en-US\"},{\"@type\":\"Organization\",\"@id\":\"https:\/\/www.upm.cz\/#organization\",\"name\":\"Um\u011bleckopr\u016fmyslov\u00e9 museum v Praze\",\"url\":\"https:\/\/www.upm.cz\/\",\"logo\":{\"@type\":\"ImageObject\",\"inLanguage\":\"en-US\",\"@id\":\"https:\/\/www.upm.cz\/#\/schema\/logo\/image\/\",\"url\":\"https:\/\/www.upm.cz\/wp-content\/uploads\/2020\/03\/logo_upm_cz.svg\",\"contentUrl\":\"https:\/\/www.upm.cz\/wp-content\/uploads\/2020\/03\/logo_upm_cz.svg\",\"width\":1736,\"height\":295,\"caption\":\"Um\u011bleckopr\u016fmyslov\u00e9 museum v Praze\"},\"image\":{\"@id\":\"https:\/\/www.upm.cz\/#\/schema\/logo\/image\/\"}}]}<\/script>\n<!-- \/ Yoast SEO plugin. -->","yoast_head_json":{"title":"N\u00c1ST\u011aNN\u00c9 HODINY \u017dLUT\u00c9 - Um\u011bleckopr\u016fmyslov\u00e9 museum v Praze","description":"Jednoduch\u00e9 hodiny v d\u00e1rkov\u00e9m balen\u00ed. Koncepce a design Mat\u011bj \u010cin\u010dera & Jan Kloss, ilustrace Victoria Loshakov\u00e1. Pr\u016fm\u011br cca 30 cm.","robots":{"index":"index","follow":"follow","max-snippet":"max-snippet:-1","max-image-preview":"max-image-preview:large","max-video-preview":"max-video-preview:-1"},"canonical":"https:\/\/www.upm.cz\/an\/eshop\/nastenne-hodiny-zlute\/","og_locale":"en_US","og_type":"article","og_title":"N\u00c1ST\u011aNN\u00c9 HODINY \u017dLUT\u00c9 - Um\u011bleckopr\u016fmyslov\u00e9 museum v Praze","og_description":"Jednoduch\u00e9 hodiny v d\u00e1rkov\u00e9m balen\u00ed. Koncepce a design Mat\u011bj \u010cin\u010dera & Jan Kloss, ilustrace Victoria Loshakov\u00e1. Pr\u016fm\u011br cca 30 cm.","og_url":"https:\/\/www.upm.cz\/an\/eshop\/nastenne-hodiny-zlute\/","og_site_name":"Um\u011bleckopr\u016fmyslov\u00e9 museum v Praze","article_modified_time":"2025-04-02T07:51:17+00:00","og_image":[{"width":1700,"height":1133,"url":"https:\/\/www.upm.cz\/wp-content\/uploads\/DSC7094-1.jpg","type":"image\/jpeg"}],"twitter_card":"summary_large_image","schema":{"@context":"https:\/\/schema.org","@graph":[{"@type":"WebPage","@id":"https:\/\/www.upm.cz\/eshop\/nastenne-hodiny-zlute\/","url":"https:\/\/www.upm.cz\/eshop\/nastenne-hodiny-zlute\/","name":"N\u00c1ST\u011aNN\u00c9 HODINY \u017dLUT\u00c9 - Um\u011bleckopr\u016fmyslov\u00e9 museum v Praze","isPartOf":{"@id":"https:\/\/www.upm.cz\/#website"},"primaryImageOfPage":{"@id":"https:\/\/www.upm.cz\/eshop\/nastenne-hodiny-zlute\/#primaryimage"},"image":{"@id":"https:\/\/www.upm.cz\/eshop\/nastenne-hodiny-zlute\/#primaryimage"},"thumbnailUrl":"https:\/\/www.upm.cz\/wp-content\/uploads\/DSC7094-1.jpg","datePublished":"2021-11-13T11:12:49+00:00","dateModified":"2025-04-02T07:51:17+00:00","description":"Jednoduch\u00e9 hodiny v d\u00e1rkov\u00e9m balen\u00ed. Koncepce a design Mat\u011bj \u010cin\u010dera & Jan Kloss, ilustrace Victoria Loshakov\u00e1. Pr\u016fm\u011br cca 30 cm.","breadcrumb":{"@id":"https:\/\/www.upm.cz\/eshop\/nastenne-hodiny-zlute\/#breadcrumb"},"inLanguage":"en-US","potentialAction":[{"@type":"ReadAction","target":["https:\/\/www.upm.cz\/eshop\/nastenne-hodiny-zlute\/"]}]},{"@type":"ImageObject","inLanguage":"en-US","@id":"https:\/\/www.upm.cz\/eshop\/nastenne-hodiny-zlute\/#primaryimage","url":"https:\/\/www.upm.cz\/wp-content\/uploads\/DSC7094-1.jpg","contentUrl":"https:\/\/www.upm.cz\/wp-content\/uploads\/DSC7094-1.jpg","width":1700,"height":1133,"caption":"Jednoduch\u00e9 hodiny v d\u00e1rkov\u00e9m balen\u00ed z d\u00edlny grafick\u00e9ho studia OKOLO (Mat\u011bj \u010cin\u010dera, Jan Kloss, Adam \u0160t\u011bch).\u00a0"},{"@type":"BreadcrumbList","@id":"https:\/\/www.upm.cz\/eshop\/nastenne-hodiny-zlute\/#breadcrumb","itemListElement":[{"@type":"ListItem","position":1,"name":"Dom\u016f","item":"https:\/\/www.upm.cz\/"},{"@type":"ListItem","position":2,"name":"eshop","item":"https:\/\/www.upm.cz\/eshop\/"},{"@type":"ListItem","position":3,"name":"N\u00c1ST\u011aNN\u00c9 HODINY \u017dLUT\u00c9"}]},{"@type":"WebSite","@id":"https:\/\/www.upm.cz\/#website","url":"https:\/\/www.upm.cz\/","name":"Um\u011bleckopr\u016fmyslov\u00e9 museum v Praze","description":"","publisher":{"@id":"https:\/\/www.upm.cz\/#organization"},"potentialAction":[{"@type":"SearchAction","target":{"@type":"EntryPoint","urlTemplate":"https:\/\/www.upm.cz\/?s={search_term_string}"},"query-input":{"@type":"PropertyValueSpecification","valueRequired":true,"valueName":"search_term_string"}}],"inLanguage":"en-US"},{"@type":"Organization","@id":"https:\/\/www.upm.cz\/#organization","name":"Um\u011bleckopr\u016fmyslov\u00e9 museum v Praze","url":"https:\/\/www.upm.cz\/","logo":{"@type":"ImageObject","inLanguage":"en-US","@id":"https:\/\/www.upm.cz\/#\/schema\/logo\/image\/","url":"https:\/\/www.upm.cz\/wp-content\/uploads\/2020\/03\/logo_upm_cz.svg","contentUrl":"https:\/\/www.upm.cz\/wp-content\/uploads\/2020\/03\/logo_upm_cz.svg","width":1736,"height":295,"caption":"Um\u011bleckopr\u016fmyslov\u00e9 museum v Praze"},"image":{"@id":"https:\/\/www.upm.cz\/#\/schema\/logo\/image\/"}}]}},"_links":{"self":[{"href":"https:\/\/www.upm.cz\/an\/wp-json\/wp\/v2\/product\/10129","targetHints":{"allow":["GET"]}}],"collection":[{"href":"https:\/\/www.upm.cz\/an\/wp-json\/wp\/v2\/product"}],"about":[{"href":"https:\/\/www.upm.cz\/an\/wp-json\/wp\/v2\/types\/product"}],"wp:featuredmedia":[{"embeddable":true,"href":"https:\/\/www.upm.cz\/an\/wp-json\/wp\/v2\/media\/10088"}],"wp:attachment":[{"href":"https:\/\/www.upm.cz\/an\/wp-json\/wp\/v2\/media?parent=10129"}],"wp:term":[{"taxonomy":"product_brand","embeddable":true,"href":"https:\/\/www.upm.cz\/an\/wp-json\/wp\/v2\/product_brand?post=10129"},{"taxonomy":"product_cat","embeddable":true,"href":"https:\/\/www.upm.cz\/an\/wp-json\/wp\/v2\/product_cat?post=10129"},{"taxonomy":"product_tag","embeddable":true,"href":"https:\/\/www.upm.cz\/an\/wp-json\/wp\/v2\/product_tag?post=10129"}],"curies":[{"name":"wp","href":"https:\/\/api.w.org\/{rel}","templated":true}]}}

NÁSTĚNNÉ HODINY ŽLUTÉ

<p>Jednoduché hodiny v&nbsp;dárkovém balení. Koncepce a&nbsp;design Matěj Činčera &amp; Jan Kloss, ilustrace Victoria Loshaková. Průměr cca 30 cm.</p>

<!-- This site is optimized with the Yoast SEO plugin v26.9 - https://yoast.com/product/yoast-seo-wordpress/ -->
<title>NÁSTĚNNÉ HODINY ŽLUTÉ - Uměleckoprůmyslové museum v Praze</title>
<meta name="description" content="Jednoduché hodiny v dárkovém balení. Koncepce a design Matěj Činčera &amp; Jan Kloss, ilustrace Victoria Loshaková. Průměr cca 30 cm." />
<meta name="robots" content="index, follow, max-snippet:-1, max-image-preview:large, max-video-preview:-1" />
<link rel="canonical" href="https://www.upm.cz/an/eshop/nastenne-hodiny-zlute/" />
<meta property="og:locale" content="en_US" />
<meta property="og:type" content="article" />
<meta property="og:title" content="NÁSTĚNNÉ HODINY ŽLUTÉ - Uměleckoprůmyslové museum v Praze" />
<meta property="og:description" content="Jednoduché hodiny v dárkovém balení. Koncepce a design Matěj Činčera &amp; Jan Kloss, ilustrace Victoria Loshaková. Průměr cca 30 cm." />
<meta property="og:url" content="https://www.upm.cz/an/eshop/nastenne-hodiny-zlute/" />
<meta property="og:site_name" content="Uměleckoprůmyslové museum v Praze" />
<meta property="article:modified_time" content="2025-04-02T07:51:17+00:00" />
<meta property="og:image" content="https://www.upm.cz/wp-content/uploads/DSC7094-1.jpg" />
	<meta property="og:image:width" content="1700" />
	<meta property="og:image:height" content="1133" />
	<meta property="og:image:type" content="image/jpeg" />
<meta name="twitter:card" content="summary_large_image" />
<script type="application/ld+json" class="yoast-schema-graph">{"@context":"https://schema.org","@graph":[{"@type":"WebPage","@id":"https://www.upm.cz/eshop/nastenne-hodiny-zlute/","url":"https://www.upm.cz/eshop/nastenne-hodiny-zlute/","name":"NÁSTĚNNÉ HODINY ŽLUTÉ - Uměleckoprůmyslové museum v Praze","isPartOf":{"@id":"https://www.upm.cz/#website"},"primaryImageOfPage":{"@id":"https://www.upm.cz/eshop/nastenne-hodiny-zlute/#primaryimage"},"image":{"@id":"https://www.upm.cz/eshop/nastenne-hodiny-zlute/#primaryimage"},"thumbnailUrl":"https://www.upm.cz/wp-content/uploads/DSC7094-1.jpg","datePublished":"2021-11-13T11:12:49+00:00","dateModified":"2025-04-02T07:51:17+00:00","description":"Jednoduché hodiny v dárkovém balení. Koncepce a design Matěj Činčera & Jan Kloss, ilustrace Victoria Loshaková. Průměr cca 30 cm.","breadcrumb":{"@id":"https://www.upm.cz/eshop/nastenne-hodiny-zlute/#breadcrumb"},"inLanguage":"en-US","potentialAction":[{"@type":"ReadAction","target":["https://www.upm.cz/eshop/nastenne-hodiny-zlute/"]}]},{"@type":"ImageObject","inLanguage":"en-US","@id":"https://www.upm.cz/eshop/nastenne-hodiny-zlute/#primaryimage","url":"https://www.upm.cz/wp-content/uploads/DSC7094-1.jpg","contentUrl":"https://www.upm.cz/wp-content/uploads/DSC7094-1.jpg","width":1700,"height":1133,"caption":"Jednoduché hodiny v dárkovém balení z dílny grafického studia OKOLO (Matěj Činčera, Jan Kloss, Adam Štěch). "},{"@type":"BreadcrumbList","@id":"https://www.upm.cz/eshop/nastenne-hodiny-zlute/#breadcrumb","itemListElement":[{"@type":"ListItem","position":1,"name":"Domů","item":"https://www.upm.cz/"},{"@type":"ListItem","position":2,"name":"eshop","item":"https://www.upm.cz/eshop/"},{"@type":"ListItem","position":3,"name":"NÁSTĚNNÉ HODINY ŽLUTÉ"}]},{"@type":"WebSite","@id":"https://www.upm.cz/#website","url":"https://www.upm.cz/","name":"Uměleckoprůmyslové museum v Praze","description":"","publisher":{"@id":"https://www.upm.cz/#organization"},"potentialAction":[{"@type":"SearchAction","target":{"@type":"EntryPoint","urlTemplate":"https://www.upm.cz/?s={search_term_string}"},"query-input":{"@type":"PropertyValueSpecification","valueRequired":true,"valueName":"search_term_string"}}],"inLanguage":"en-US"},{"@type":"Organization","@id":"https://www.upm.cz/#organization","name":"Uměleckoprůmyslové museum v Praze","url":"https://www.upm.cz/","logo":{"@type":"ImageObject","inLanguage":"en-US","@id":"https://www.upm.cz/#/schema/logo/image/","url":"https://www.upm.cz/wp-content/uploads/2020/03/logo_upm_cz.svg","contentUrl":"https://www.upm.cz/wp-content/uploads/2020/03/logo_upm_cz.svg","width":1736,"height":295,"caption":"Uměleckoprůmyslové museum v Praze"},"image":{"@id":"https://www.upm.cz/#/schema/logo/image/"}}]}</script>
<!-- / Yoast SEO plugin. -->

NÁSTĚNNÉ HODINY ŽLUTÉ - Uměleckoprůmyslové museum v Praze

Jednoduché hodiny v dárkovém balení. Koncepce a design Matěj Činčera & Jan Kloss, ilustrace Victoria Loshaková. Průměr cca 30 cm.

Uměleckoprůmyslové museum v Praze

Jednoduché hodiny v dárkovém balení z dílny grafického studia OKOLO (Matěj Činčera, Jan Kloss, Adam Štěch).

Domů
