{"id":10149,"date":"2021-11-14T10:33:27","date_gmt":"2021-11-14T09:33:27","guid":{"rendered":"https:\/\/www.upm.cz\/?post_type=product&#038;p=10149"},"modified":"2024-05-16T14:33:39","modified_gmt":"2024-05-16T12:33:39","slug":"tuzky-v-darkovem-baleni-modre","status":"publish","type":"product","link":"https:\/\/www.upm.cz\/an\/eshop\/tuzky-v-darkovem-baleni-modre\/","title":{"rendered":"TU\u017dKY V&nbsp;D\u00c1RKOV\u00c9M BALEN\u00cd MODR\u00c9"},"content":{"rendered":"","protected":false},"excerpt":{"rendered":"<p>Dv\u011b oby\u010dejn\u00e9 tu\u017eky s&nbsp;logem UPM v&nbsp;d\u00e1rkov\u00e9m balen\u00ed. Koncepce a&nbsp;design Mat\u011bj \u010cin\u010dera &amp; Jan Kloss, ilustrace Victoria Loshakov\u00e1.<\/p>\n<p>&nbsp;<\/p>","protected":false},"featured_media":10092,"template":"","meta":{"_acf_changed":false},"product_brand":[],"product_cat":[49],"product_tag":[],"class_list":{"0":"post-10149","1":"product","2":"type-product","3":"status-publish","4":"has-post-thumbnail","6":"product_cat-ostatni","8":"first","9":"outofstock","10":"shipping-taxable","11":"purchasable","12":"product-type-simple"},"acf":[],"yoast_head":"<!-- This site is optimized with the Yoast SEO plugin v26.9 - https:\/\/yoast.com\/product\/yoast-seo-wordpress\/ -->\n<title>TU\u017dKY V D\u00c1RKOV\u00c9M BALEN\u00cd MODR\u00c9 - Um\u011bleckopr\u016fmyslov\u00e9 museum v Praze<\/title>\n<meta name=\"description\" content=\"Dv\u011b oby\u010dejn\u00e9 tu\u017eky s logem UPM v d\u00e1rkov\u00e9m balen\u00ed. Koncepce a design Mat\u011bj \u010cin\u010dera &amp; Jan Kloss, ilustrace Victoria Loshakov\u00e1.\" \/>\n<meta name=\"robots\" content=\"index, follow, max-snippet:-1, max-image-preview:large, max-video-preview:-1\" \/>\n<link rel=\"canonical\" href=\"https:\/\/www.upm.cz\/an\/eshop\/tuzky-v-darkovem-baleni-modre\/\" \/>\n<meta property=\"og:locale\" content=\"en_US\" \/>\n<meta property=\"og:type\" content=\"article\" \/>\n<meta property=\"og:title\" content=\"TU\u017dKY V D\u00c1RKOV\u00c9M BALEN\u00cd MODR\u00c9 - Um\u011bleckopr\u016fmyslov\u00e9 museum v Praze\" \/>\n<meta property=\"og:description\" content=\"Dv\u011b oby\u010dejn\u00e9 tu\u017eky s logem UPM v d\u00e1rkov\u00e9m balen\u00ed. Koncepce a design Mat\u011bj \u010cin\u010dera &amp; Jan Kloss, ilustrace Victoria Loshakov\u00e1.\" \/>\n<meta property=\"og:url\" content=\"https:\/\/www.upm.cz\/an\/eshop\/tuzky-v-darkovem-baleni-modre\/\" \/>\n<meta property=\"og:site_name\" content=\"Um\u011bleckopr\u016fmyslov\u00e9 museum v Praze\" \/>\n<meta property=\"article:modified_time\" content=\"2024-05-16T12:33:39+00:00\" \/>\n<meta property=\"og:image\" content=\"https:\/\/www.upm.cz\/wp-content\/uploads\/DSC7085.jpg\" \/>\n\t<meta property=\"og:image:width\" content=\"1133\" \/>\n\t<meta property=\"og:image:height\" content=\"1700\" \/>\n\t<meta property=\"og:image:type\" content=\"image\/jpeg\" \/>\n<meta name=\"twitter:card\" content=\"summary_large_image\" \/>\n<meta name=\"twitter:label1\" content=\"Est. reading time\" \/>\n\t<meta name=\"twitter:data1\" content=\"1 minute\" \/>\n<script type=\"application\/ld+json\" class=\"yoast-schema-graph\">{\"@context\":\"https:\/\/schema.org\",\"@graph\":[{\"@type\":\"WebPage\",\"@id\":\"https:\/\/www.upm.cz\/eshop\/tuzky-v-darkovem-baleni-modre\/\",\"url\":\"https:\/\/www.upm.cz\/eshop\/tuzky-v-darkovem-baleni-modre\/\",\"name\":\"TU\u017dKY V D\u00c1RKOV\u00c9M BALEN\u00cd MODR\u00c9 - Um\u011bleckopr\u016fmyslov\u00e9 museum v Praze\",\"isPartOf\":{\"@id\":\"https:\/\/www.upm.cz\/#website\"},\"primaryImageOfPage\":{\"@id\":\"https:\/\/www.upm.cz\/eshop\/tuzky-v-darkovem-baleni-modre\/#primaryimage\"},\"image\":{\"@id\":\"https:\/\/www.upm.cz\/eshop\/tuzky-v-darkovem-baleni-modre\/#primaryimage\"},\"thumbnailUrl\":\"https:\/\/www.upm.cz\/wp-content\/uploads\/DSC7085.jpg\",\"datePublished\":\"2021-11-14T09:33:27+00:00\",\"dateModified\":\"2024-05-16T12:33:39+00:00\",\"description\":\"Dv\u011b oby\u010dejn\u00e9 tu\u017eky s logem UPM v d\u00e1rkov\u00e9m balen\u00ed. Koncepce a design Mat\u011bj \u010cin\u010dera & Jan Kloss, ilustrace Victoria Loshakov\u00e1.\",\"breadcrumb\":{\"@id\":\"https:\/\/www.upm.cz\/eshop\/tuzky-v-darkovem-baleni-modre\/#breadcrumb\"},\"inLanguage\":\"en-US\",\"potentialAction\":[{\"@type\":\"ReadAction\",\"target\":[\"https:\/\/www.upm.cz\/eshop\/tuzky-v-darkovem-baleni-modre\/\"]}]},{\"@type\":\"ImageObject\",\"inLanguage\":\"en-US\",\"@id\":\"https:\/\/www.upm.cz\/eshop\/tuzky-v-darkovem-baleni-modre\/#primaryimage\",\"url\":\"https:\/\/www.upm.cz\/wp-content\/uploads\/DSC7085.jpg\",\"contentUrl\":\"https:\/\/www.upm.cz\/wp-content\/uploads\/DSC7085.jpg\",\"width\":1133,\"height\":1700,\"caption\":\"Dv\u011b oby\u010dejn\u00e9 tu\u017eky v d\u00e1rkov\u00e9m balen\u00ed\"},{\"@type\":\"BreadcrumbList\",\"@id\":\"https:\/\/www.upm.cz\/eshop\/tuzky-v-darkovem-baleni-modre\/#breadcrumb\",\"itemListElement\":[{\"@type\":\"ListItem\",\"position\":1,\"name\":\"Dom\u016f\",\"item\":\"https:\/\/www.upm.cz\/\"},{\"@type\":\"ListItem\",\"position\":2,\"name\":\"eshop\",\"item\":\"https:\/\/www.upm.cz\/eshop\/\"},{\"@type\":\"ListItem\",\"position\":3,\"name\":\"TU\u017dKY V D\u00c1RKOV\u00c9M BALEN\u00cd MODR\u00c9\"}]},{\"@type\":\"WebSite\",\"@id\":\"https:\/\/www.upm.cz\/#website\",\"url\":\"https:\/\/www.upm.cz\/\",\"name\":\"Um\u011bleckopr\u016fmyslov\u00e9 museum v Praze\",\"description\":\"\",\"publisher\":{\"@id\":\"https:\/\/www.upm.cz\/#organization\"},\"potentialAction\":[{\"@type\":\"SearchAction\",\"target\":{\"@type\":\"EntryPoint\",\"urlTemplate\":\"https:\/\/www.upm.cz\/?s={search_term_string}\"},\"query-input\":{\"@type\":\"PropertyValueSpecification\",\"valueRequired\":true,\"valueName\":\"search_term_string\"}}],\"inLanguage\":\"en-US\"},{\"@type\":\"Organization\",\"@id\":\"https:\/\/www.upm.cz\/#organization\",\"name\":\"Um\u011bleckopr\u016fmyslov\u00e9 museum v Praze\",\"url\":\"https:\/\/www.upm.cz\/\",\"logo\":{\"@type\":\"ImageObject\",\"inLanguage\":\"en-US\",\"@id\":\"https:\/\/www.upm.cz\/#\/schema\/logo\/image\/\",\"url\":\"https:\/\/www.upm.cz\/wp-content\/uploads\/2020\/03\/logo_upm_cz.svg\",\"contentUrl\":\"https:\/\/www.upm.cz\/wp-content\/uploads\/2020\/03\/logo_upm_cz.svg\",\"width\":1736,\"height\":295,\"caption\":\"Um\u011bleckopr\u016fmyslov\u00e9 museum v Praze\"},\"image\":{\"@id\":\"https:\/\/www.upm.cz\/#\/schema\/logo\/image\/\"}}]}<\/script>\n<!-- \/ Yoast SEO plugin. -->","yoast_head_json":{"title":"TU\u017dKY V D\u00c1RKOV\u00c9M BALEN\u00cd MODR\u00c9 - Um\u011bleckopr\u016fmyslov\u00e9 museum v Praze","description":"Dv\u011b oby\u010dejn\u00e9 tu\u017eky s logem UPM v d\u00e1rkov\u00e9m balen\u00ed. Koncepce a design Mat\u011bj \u010cin\u010dera & Jan Kloss, ilustrace Victoria Loshakov\u00e1.","robots":{"index":"index","follow":"follow","max-snippet":"max-snippet:-1","max-image-preview":"max-image-preview:large","max-video-preview":"max-video-preview:-1"},"canonical":"https:\/\/www.upm.cz\/an\/eshop\/tuzky-v-darkovem-baleni-modre\/","og_locale":"en_US","og_type":"article","og_title":"TU\u017dKY V D\u00c1RKOV\u00c9M BALEN\u00cd MODR\u00c9 - Um\u011bleckopr\u016fmyslov\u00e9 museum v Praze","og_description":"Dv\u011b oby\u010dejn\u00e9 tu\u017eky s logem UPM v d\u00e1rkov\u00e9m balen\u00ed. Koncepce a design Mat\u011bj \u010cin\u010dera & Jan Kloss, ilustrace Victoria Loshakov\u00e1.","og_url":"https:\/\/www.upm.cz\/an\/eshop\/tuzky-v-darkovem-baleni-modre\/","og_site_name":"Um\u011bleckopr\u016fmyslov\u00e9 museum v Praze","article_modified_time":"2024-05-16T12:33:39+00:00","og_image":[{"width":1133,"height":1700,"url":"https:\/\/www.upm.cz\/wp-content\/uploads\/DSC7085.jpg","type":"image\/jpeg"}],"twitter_card":"summary_large_image","twitter_misc":{"Est. reading time":"1 minute"},"schema":{"@context":"https:\/\/schema.org","@graph":[{"@type":"WebPage","@id":"https:\/\/www.upm.cz\/eshop\/tuzky-v-darkovem-baleni-modre\/","url":"https:\/\/www.upm.cz\/eshop\/tuzky-v-darkovem-baleni-modre\/","name":"TU\u017dKY V D\u00c1RKOV\u00c9M BALEN\u00cd MODR\u00c9 - Um\u011bleckopr\u016fmyslov\u00e9 museum v Praze","isPartOf":{"@id":"https:\/\/www.upm.cz\/#website"},"primaryImageOfPage":{"@id":"https:\/\/www.upm.cz\/eshop\/tuzky-v-darkovem-baleni-modre\/#primaryimage"},"image":{"@id":"https:\/\/www.upm.cz\/eshop\/tuzky-v-darkovem-baleni-modre\/#primaryimage"},"thumbnailUrl":"https:\/\/www.upm.cz\/wp-content\/uploads\/DSC7085.jpg","datePublished":"2021-11-14T09:33:27+00:00","dateModified":"2024-05-16T12:33:39+00:00","description":"Dv\u011b oby\u010dejn\u00e9 tu\u017eky s logem UPM v d\u00e1rkov\u00e9m balen\u00ed. Koncepce a design Mat\u011bj \u010cin\u010dera & Jan Kloss, ilustrace Victoria Loshakov\u00e1.","breadcrumb":{"@id":"https:\/\/www.upm.cz\/eshop\/tuzky-v-darkovem-baleni-modre\/#breadcrumb"},"inLanguage":"en-US","potentialAction":[{"@type":"ReadAction","target":["https:\/\/www.upm.cz\/eshop\/tuzky-v-darkovem-baleni-modre\/"]}]},{"@type":"ImageObject","inLanguage":"en-US","@id":"https:\/\/www.upm.cz\/eshop\/tuzky-v-darkovem-baleni-modre\/#primaryimage","url":"https:\/\/www.upm.cz\/wp-content\/uploads\/DSC7085.jpg","contentUrl":"https:\/\/www.upm.cz\/wp-content\/uploads\/DSC7085.jpg","width":1133,"height":1700,"caption":"Dv\u011b oby\u010dejn\u00e9 tu\u017eky v d\u00e1rkov\u00e9m balen\u00ed"},{"@type":"BreadcrumbList","@id":"https:\/\/www.upm.cz\/eshop\/tuzky-v-darkovem-baleni-modre\/#breadcrumb","itemListElement":[{"@type":"ListItem","position":1,"name":"Dom\u016f","item":"https:\/\/www.upm.cz\/"},{"@type":"ListItem","position":2,"name":"eshop","item":"https:\/\/www.upm.cz\/eshop\/"},{"@type":"ListItem","position":3,"name":"TU\u017dKY V D\u00c1RKOV\u00c9M BALEN\u00cd MODR\u00c9"}]},{"@type":"WebSite","@id":"https:\/\/www.upm.cz\/#website","url":"https:\/\/www.upm.cz\/","name":"Um\u011bleckopr\u016fmyslov\u00e9 museum v Praze","description":"","publisher":{"@id":"https:\/\/www.upm.cz\/#organization"},"potentialAction":[{"@type":"SearchAction","target":{"@type":"EntryPoint","urlTemplate":"https:\/\/www.upm.cz\/?s={search_term_string}"},"query-input":{"@type":"PropertyValueSpecification","valueRequired":true,"valueName":"search_term_string"}}],"inLanguage":"en-US"},{"@type":"Organization","@id":"https:\/\/www.upm.cz\/#organization","name":"Um\u011bleckopr\u016fmyslov\u00e9 museum v Praze","url":"https:\/\/www.upm.cz\/","logo":{"@type":"ImageObject","inLanguage":"en-US","@id":"https:\/\/www.upm.cz\/#\/schema\/logo\/image\/","url":"https:\/\/www.upm.cz\/wp-content\/uploads\/2020\/03\/logo_upm_cz.svg","contentUrl":"https:\/\/www.upm.cz\/wp-content\/uploads\/2020\/03\/logo_upm_cz.svg","width":1736,"height":295,"caption":"Um\u011bleckopr\u016fmyslov\u00e9 museum v Praze"},"image":{"@id":"https:\/\/www.upm.cz\/#\/schema\/logo\/image\/"}}]}},"_links":{"self":[{"href":"https:\/\/www.upm.cz\/an\/wp-json\/wp\/v2\/product\/10149","targetHints":{"allow":["GET"]}}],"collection":[{"href":"https:\/\/www.upm.cz\/an\/wp-json\/wp\/v2\/product"}],"about":[{"href":"https:\/\/www.upm.cz\/an\/wp-json\/wp\/v2\/types\/product"}],"wp:featuredmedia":[{"embeddable":true,"href":"https:\/\/www.upm.cz\/an\/wp-json\/wp\/v2\/media\/10092"}],"wp:attachment":[{"href":"https:\/\/www.upm.cz\/an\/wp-json\/wp\/v2\/media?parent=10149"}],"wp:term":[{"taxonomy":"product_brand","embeddable":true,"href":"https:\/\/www.upm.cz\/an\/wp-json\/wp\/v2\/product_brand?post=10149"},{"taxonomy":"product_cat","embeddable":true,"href":"https:\/\/www.upm.cz\/an\/wp-json\/wp\/v2\/product_cat?post=10149"},{"taxonomy":"product_tag","embeddable":true,"href":"https:\/\/www.upm.cz\/an\/wp-json\/wp\/v2\/product_tag?post=10149"}],"curies":[{"name":"wp","href":"https:\/\/api.w.org\/{rel}","templated":true}]}}

TUŽKY V&nbsp;DÁRKOVÉM BALENÍ MODRÉ

<p>Dvě obyčejné tužky s&nbsp;logem UPM v&nbsp;dárkovém balení. Koncepce a&nbsp;design Matěj Činčera &amp; Jan Kloss, ilustrace Victoria Loshaková.</p>
<p>&nbsp;</p>

<!-- This site is optimized with the Yoast SEO plugin v26.9 - https://yoast.com/product/yoast-seo-wordpress/ -->
<title>TUŽKY V DÁRKOVÉM BALENÍ MODRÉ - Uměleckoprůmyslové museum v Praze</title>
<meta name="description" content="Dvě obyčejné tužky s logem UPM v dárkovém balení. Koncepce a design Matěj Činčera &amp; Jan Kloss, ilustrace Victoria Loshaková." />
<meta name="robots" content="index, follow, max-snippet:-1, max-image-preview:large, max-video-preview:-1" />
<link rel="canonical" href="https://www.upm.cz/an/eshop/tuzky-v-darkovem-baleni-modre/" />
<meta property="og:locale" content="en_US" />
<meta property="og:type" content="article" />
<meta property="og:title" content="TUŽKY V DÁRKOVÉM BALENÍ MODRÉ - Uměleckoprůmyslové museum v Praze" />
<meta property="og:description" content="Dvě obyčejné tužky s logem UPM v dárkovém balení. Koncepce a design Matěj Činčera &amp; Jan Kloss, ilustrace Victoria Loshaková." />
<meta property="og:url" content="https://www.upm.cz/an/eshop/tuzky-v-darkovem-baleni-modre/" />
<meta property="og:site_name" content="Uměleckoprůmyslové museum v Praze" />
<meta property="article:modified_time" content="2024-05-16T12:33:39+00:00" />
<meta property="og:image" content="https://www.upm.cz/wp-content/uploads/DSC7085.jpg" />
	<meta property="og:image:width" content="1133" />
	<meta property="og:image:height" content="1700" />
	<meta property="og:image:type" content="image/jpeg" />
<meta name="twitter:card" content="summary_large_image" />
<meta name="twitter:label1" content="Est. reading time" />
	<meta name="twitter:data1" content="1 minute" />
<script type="application/ld+json" class="yoast-schema-graph">{"@context":"https://schema.org","@graph":[{"@type":"WebPage","@id":"https://www.upm.cz/eshop/tuzky-v-darkovem-baleni-modre/","url":"https://www.upm.cz/eshop/tuzky-v-darkovem-baleni-modre/","name":"TUŽKY V DÁRKOVÉM BALENÍ MODRÉ - Uměleckoprůmyslové museum v Praze","isPartOf":{"@id":"https://www.upm.cz/#website"},"primaryImageOfPage":{"@id":"https://www.upm.cz/eshop/tuzky-v-darkovem-baleni-modre/#primaryimage"},"image":{"@id":"https://www.upm.cz/eshop/tuzky-v-darkovem-baleni-modre/#primaryimage"},"thumbnailUrl":"https://www.upm.cz/wp-content/uploads/DSC7085.jpg","datePublished":"2021-11-14T09:33:27+00:00","dateModified":"2024-05-16T12:33:39+00:00","description":"Dvě obyčejné tužky s logem UPM v dárkovém balení. Koncepce a design Matěj Činčera & Jan Kloss, ilustrace Victoria Loshaková.","breadcrumb":{"@id":"https://www.upm.cz/eshop/tuzky-v-darkovem-baleni-modre/#breadcrumb"},"inLanguage":"en-US","potentialAction":[{"@type":"ReadAction","target":["https://www.upm.cz/eshop/tuzky-v-darkovem-baleni-modre/"]}]},{"@type":"ImageObject","inLanguage":"en-US","@id":"https://www.upm.cz/eshop/tuzky-v-darkovem-baleni-modre/#primaryimage","url":"https://www.upm.cz/wp-content/uploads/DSC7085.jpg","contentUrl":"https://www.upm.cz/wp-content/uploads/DSC7085.jpg","width":1133,"height":1700,"caption":"Dvě obyčejné tužky v dárkovém balení"},{"@type":"BreadcrumbList","@id":"https://www.upm.cz/eshop/tuzky-v-darkovem-baleni-modre/#breadcrumb","itemListElement":[{"@type":"ListItem","position":1,"name":"Domů","item":"https://www.upm.cz/"},{"@type":"ListItem","position":2,"name":"eshop","item":"https://www.upm.cz/eshop/"},{"@type":"ListItem","position":3,"name":"TUŽKY V DÁRKOVÉM BALENÍ MODRÉ"}]},{"@type":"WebSite","@id":"https://www.upm.cz/#website","url":"https://www.upm.cz/","name":"Uměleckoprůmyslové museum v Praze","description":"","publisher":{"@id":"https://www.upm.cz/#organization"},"potentialAction":[{"@type":"SearchAction","target":{"@type":"EntryPoint","urlTemplate":"https://www.upm.cz/?s={search_term_string}"},"query-input":{"@type":"PropertyValueSpecification","valueRequired":true,"valueName":"search_term_string"}}],"inLanguage":"en-US"},{"@type":"Organization","@id":"https://www.upm.cz/#organization","name":"Uměleckoprůmyslové museum v Praze","url":"https://www.upm.cz/","logo":{"@type":"ImageObject","inLanguage":"en-US","@id":"https://www.upm.cz/#/schema/logo/image/","url":"https://www.upm.cz/wp-content/uploads/2020/03/logo_upm_cz.svg","contentUrl":"https://www.upm.cz/wp-content/uploads/2020/03/logo_upm_cz.svg","width":1736,"height":295,"caption":"Uměleckoprůmyslové museum v Praze"},"image":{"@id":"https://www.upm.cz/#/schema/logo/image/"}}]}</script>
<!-- / Yoast SEO plugin. -->

TUŽKY V DÁRKOVÉM BALENÍ MODRÉ - Uměleckoprůmyslové museum v Praze

Dvě obyčejné tužky s logem UPM v dárkovém balení. Koncepce a design Matěj Činčera & Jan Kloss, ilustrace Victoria Loshaková.

Uměleckoprůmyslové museum v Praze

Dvě obyčejné tužky v dárkovém balení

Domů

TUŽKY V DÁRKOVÉM BALENÍ MODRÉ
