{"id":11902,"date":"2022-04-25T22:45:43","date_gmt":"2022-04-25T20:45:43","guid":{"rendered":"https:\/\/www.upm.cz\/?post_type=product&#038;p=11902"},"modified":"2024-12-19T20:16:29","modified_gmt":"2024-12-19T19:16:29","slug":"plakat-vystavy-josef-sudek-otto-rothmayer-kopirovat","status":"publish","type":"product","link":"https:\/\/www.upm.cz\/an\/eshop\/plakat-vystavy-josef-sudek-otto-rothmayer-kopirovat\/","title":{"rendered":"PLAK\u00c1T V\u00ddSTAVY JOSEF SUDEK \/ OTTO ROTHMAYER A0 NA \u0160\u00cd\u0158KU"},"content":{"rendered":"","protected":false},"excerpt":{"rendered":"<p>Plak\u00e1t k&nbsp;v\u00fdstav\u011b Josef Sudek \/ Otto Rothmayer. N\u00e1v\u0161t\u011bva u&nbsp;pana kouzeln\u00edka s&nbsp;fotografi\u00ed Josefa Sudka. Grafick\u00fd design Martin Balcar. Velikost A0.<\/p>\n<p>&nbsp;<\/p>","protected":false},"featured_media":11903,"template":"","meta":{"_acf_changed":false},"product_brand":[],"product_cat":[49],"product_tag":[],"class_list":{"0":"post-11902","1":"product","2":"type-product","3":"status-publish","4":"has-post-thumbnail","6":"product_cat-ostatni","8":"first","9":"instock","10":"shipping-taxable","11":"purchasable","12":"product-type-simple"},"acf":[],"yoast_head":"<!-- This site is optimized with the Yoast SEO plugin v26.9 - https:\/\/yoast.com\/product\/yoast-seo-wordpress\/ -->\n<title>PLAK\u00c1T V\u00ddSTAVY JOSEF SUDEK \/ OTTO ROTHMAYER A0 NA \u0160\u00cd\u0158KU - Um\u011bleckopr\u016fmyslov\u00e9 museum v Praze<\/title>\n<meta name=\"description\" content=\"Plak\u00e1t k v\u00fdstav\u011b Josef Sudek \/ Otto Rothmayer. N\u00e1v\u0161t\u011bva u pana kouzeln\u00edka s fotografi\u00ed Josefa Sudka. Grafick\u00fd design Martin Balcar. Velikost A0.\" \/>\n<meta name=\"robots\" content=\"index, follow, max-snippet:-1, max-image-preview:large, max-video-preview:-1\" \/>\n<link rel=\"canonical\" href=\"https:\/\/www.upm.cz\/an\/eshop\/plakat-vystavy-josef-sudek-otto-rothmayer-kopirovat\/\" \/>\n<meta property=\"og:locale\" content=\"en_US\" \/>\n<meta property=\"og:type\" content=\"article\" \/>\n<meta property=\"og:title\" content=\"PLAK\u00c1T V\u00ddSTAVY JOSEF SUDEK \/ OTTO ROTHMAYER A0 NA \u0160\u00cd\u0158KU - Um\u011bleckopr\u016fmyslov\u00e9 museum v Praze\" \/>\n<meta property=\"og:description\" content=\"Plak\u00e1t k v\u00fdstav\u011b Josef Sudek \/ Otto Rothmayer. N\u00e1v\u0161t\u011bva u pana kouzeln\u00edka s fotografi\u00ed Josefa Sudka. Grafick\u00fd design Martin Balcar. Velikost A0.\" \/>\n<meta property=\"og:url\" content=\"https:\/\/www.upm.cz\/an\/eshop\/plakat-vystavy-josef-sudek-otto-rothmayer-kopirovat\/\" \/>\n<meta property=\"og:site_name\" content=\"Um\u011bleckopr\u016fmyslov\u00e9 museum v Praze\" \/>\n<meta property=\"article:modified_time\" content=\"2024-12-19T19:16:29+00:00\" \/>\n<meta property=\"og:image\" content=\"https:\/\/www.upm.cz\/wp-content\/uploads\/Sudek_2.jpg\" \/>\n\t<meta property=\"og:image:width\" content=\"1920\" \/>\n\t<meta property=\"og:image:height\" content=\"1365\" \/>\n\t<meta property=\"og:image:type\" content=\"image\/jpeg\" \/>\n<meta name=\"twitter:card\" content=\"summary_large_image\" \/>\n<script type=\"application\/ld+json\" class=\"yoast-schema-graph\">{\"@context\":\"https:\/\/schema.org\",\"@graph\":[{\"@type\":\"WebPage\",\"@id\":\"https:\/\/www.upm.cz\/eshop\/plakat-vystavy-josef-sudek-otto-rothmayer-kopirovat\/\",\"url\":\"https:\/\/www.upm.cz\/eshop\/plakat-vystavy-josef-sudek-otto-rothmayer-kopirovat\/\",\"name\":\"PLAK\u00c1T V\u00ddSTAVY JOSEF SUDEK \/ OTTO ROTHMAYER A0 NA \u0160\u00cd\u0158KU - Um\u011bleckopr\u016fmyslov\u00e9 museum v Praze\",\"isPartOf\":{\"@id\":\"https:\/\/www.upm.cz\/#website\"},\"primaryImageOfPage\":{\"@id\":\"https:\/\/www.upm.cz\/eshop\/plakat-vystavy-josef-sudek-otto-rothmayer-kopirovat\/#primaryimage\"},\"image\":{\"@id\":\"https:\/\/www.upm.cz\/eshop\/plakat-vystavy-josef-sudek-otto-rothmayer-kopirovat\/#primaryimage\"},\"thumbnailUrl\":\"https:\/\/www.upm.cz\/wp-content\/uploads\/Sudek_2.jpg\",\"datePublished\":\"2022-04-25T20:45:43+00:00\",\"dateModified\":\"2024-12-19T19:16:29+00:00\",\"description\":\"Plak\u00e1t k v\u00fdstav\u011b Josef Sudek \/ Otto Rothmayer. N\u00e1v\u0161t\u011bva u pana kouzeln\u00edka s fotografi\u00ed Josefa Sudka. Grafick\u00fd design Martin Balcar. Velikost A0.\",\"breadcrumb\":{\"@id\":\"https:\/\/www.upm.cz\/eshop\/plakat-vystavy-josef-sudek-otto-rothmayer-kopirovat\/#breadcrumb\"},\"inLanguage\":\"en-US\",\"potentialAction\":[{\"@type\":\"ReadAction\",\"target\":[\"https:\/\/www.upm.cz\/eshop\/plakat-vystavy-josef-sudek-otto-rothmayer-kopirovat\/\"]}]},{\"@type\":\"ImageObject\",\"inLanguage\":\"en-US\",\"@id\":\"https:\/\/www.upm.cz\/eshop\/plakat-vystavy-josef-sudek-otto-rothmayer-kopirovat\/#primaryimage\",\"url\":\"https:\/\/www.upm.cz\/wp-content\/uploads\/Sudek_2.jpg\",\"contentUrl\":\"https:\/\/www.upm.cz\/wp-content\/uploads\/Sudek_2.jpg\",\"width\":1920,\"height\":1365,\"caption\":\"Plak\u00e1t k v\u00fdstav\u011b s fotografi\u00ed Josefa Sudka\"},{\"@type\":\"BreadcrumbList\",\"@id\":\"https:\/\/www.upm.cz\/eshop\/plakat-vystavy-josef-sudek-otto-rothmayer-kopirovat\/#breadcrumb\",\"itemListElement\":[{\"@type\":\"ListItem\",\"position\":1,\"name\":\"Dom\u016f\",\"item\":\"https:\/\/www.upm.cz\/\"},{\"@type\":\"ListItem\",\"position\":2,\"name\":\"eshop\",\"item\":\"https:\/\/www.upm.cz\/eshop\/\"},{\"@type\":\"ListItem\",\"position\":3,\"name\":\"PLAK\u00c1T V\u00ddSTAVY JOSEF SUDEK \/ OTTO ROTHMAYER A0 NA \u0160\u00cd\u0158KU\"}]},{\"@type\":\"WebSite\",\"@id\":\"https:\/\/www.upm.cz\/#website\",\"url\":\"https:\/\/www.upm.cz\/\",\"name\":\"Um\u011bleckopr\u016fmyslov\u00e9 museum v Praze\",\"description\":\"\",\"publisher\":{\"@id\":\"https:\/\/www.upm.cz\/#organization\"},\"potentialAction\":[{\"@type\":\"SearchAction\",\"target\":{\"@type\":\"EntryPoint\",\"urlTemplate\":\"https:\/\/www.upm.cz\/?s={search_term_string}\"},\"query-input\":{\"@type\":\"PropertyValueSpecification\",\"valueRequired\":true,\"valueName\":\"search_term_string\"}}],\"inLanguage\":\"en-US\"},{\"@type\":\"Organization\",\"@id\":\"https:\/\/www.upm.cz\/#organization\",\"name\":\"Um\u011bleckopr\u016fmyslov\u00e9 museum v Praze\",\"url\":\"https:\/\/www.upm.cz\/\",\"logo\":{\"@type\":\"ImageObject\",\"inLanguage\":\"en-US\",\"@id\":\"https:\/\/www.upm.cz\/#\/schema\/logo\/image\/\",\"url\":\"https:\/\/www.upm.cz\/wp-content\/uploads\/2020\/03\/logo_upm_cz.svg\",\"contentUrl\":\"https:\/\/www.upm.cz\/wp-content\/uploads\/2020\/03\/logo_upm_cz.svg\",\"width\":1736,\"height\":295,\"caption\":\"Um\u011bleckopr\u016fmyslov\u00e9 museum v Praze\"},\"image\":{\"@id\":\"https:\/\/www.upm.cz\/#\/schema\/logo\/image\/\"}}]}<\/script>\n<!-- \/ Yoast SEO plugin. -->","yoast_head_json":{"title":"PLAK\u00c1T V\u00ddSTAVY JOSEF SUDEK \/ OTTO ROTHMAYER A0 NA \u0160\u00cd\u0158KU - Um\u011bleckopr\u016fmyslov\u00e9 museum v Praze","description":"Plak\u00e1t k v\u00fdstav\u011b Josef Sudek \/ Otto Rothmayer. N\u00e1v\u0161t\u011bva u pana kouzeln\u00edka s fotografi\u00ed Josefa Sudka. Grafick\u00fd design Martin Balcar. Velikost A0.","robots":{"index":"index","follow":"follow","max-snippet":"max-snippet:-1","max-image-preview":"max-image-preview:large","max-video-preview":"max-video-preview:-1"},"canonical":"https:\/\/www.upm.cz\/an\/eshop\/plakat-vystavy-josef-sudek-otto-rothmayer-kopirovat\/","og_locale":"en_US","og_type":"article","og_title":"PLAK\u00c1T V\u00ddSTAVY JOSEF SUDEK \/ OTTO ROTHMAYER A0 NA \u0160\u00cd\u0158KU - Um\u011bleckopr\u016fmyslov\u00e9 museum v Praze","og_description":"Plak\u00e1t k v\u00fdstav\u011b Josef Sudek \/ Otto Rothmayer. N\u00e1v\u0161t\u011bva u pana kouzeln\u00edka s fotografi\u00ed Josefa Sudka. Grafick\u00fd design Martin Balcar. Velikost A0.","og_url":"https:\/\/www.upm.cz\/an\/eshop\/plakat-vystavy-josef-sudek-otto-rothmayer-kopirovat\/","og_site_name":"Um\u011bleckopr\u016fmyslov\u00e9 museum v Praze","article_modified_time":"2024-12-19T19:16:29+00:00","og_image":[{"width":1920,"height":1365,"url":"https:\/\/www.upm.cz\/wp-content\/uploads\/Sudek_2.jpg","type":"image\/jpeg"}],"twitter_card":"summary_large_image","schema":{"@context":"https:\/\/schema.org","@graph":[{"@type":"WebPage","@id":"https:\/\/www.upm.cz\/eshop\/plakat-vystavy-josef-sudek-otto-rothmayer-kopirovat\/","url":"https:\/\/www.upm.cz\/eshop\/plakat-vystavy-josef-sudek-otto-rothmayer-kopirovat\/","name":"PLAK\u00c1T V\u00ddSTAVY JOSEF SUDEK \/ OTTO ROTHMAYER A0 NA \u0160\u00cd\u0158KU - Um\u011bleckopr\u016fmyslov\u00e9 museum v Praze","isPartOf":{"@id":"https:\/\/www.upm.cz\/#website"},"primaryImageOfPage":{"@id":"https:\/\/www.upm.cz\/eshop\/plakat-vystavy-josef-sudek-otto-rothmayer-kopirovat\/#primaryimage"},"image":{"@id":"https:\/\/www.upm.cz\/eshop\/plakat-vystavy-josef-sudek-otto-rothmayer-kopirovat\/#primaryimage"},"thumbnailUrl":"https:\/\/www.upm.cz\/wp-content\/uploads\/Sudek_2.jpg","datePublished":"2022-04-25T20:45:43+00:00","dateModified":"2024-12-19T19:16:29+00:00","description":"Plak\u00e1t k v\u00fdstav\u011b Josef Sudek \/ Otto Rothmayer. N\u00e1v\u0161t\u011bva u pana kouzeln\u00edka s fotografi\u00ed Josefa Sudka. Grafick\u00fd design Martin Balcar. Velikost A0.","breadcrumb":{"@id":"https:\/\/www.upm.cz\/eshop\/plakat-vystavy-josef-sudek-otto-rothmayer-kopirovat\/#breadcrumb"},"inLanguage":"en-US","potentialAction":[{"@type":"ReadAction","target":["https:\/\/www.upm.cz\/eshop\/plakat-vystavy-josef-sudek-otto-rothmayer-kopirovat\/"]}]},{"@type":"ImageObject","inLanguage":"en-US","@id":"https:\/\/www.upm.cz\/eshop\/plakat-vystavy-josef-sudek-otto-rothmayer-kopirovat\/#primaryimage","url":"https:\/\/www.upm.cz\/wp-content\/uploads\/Sudek_2.jpg","contentUrl":"https:\/\/www.upm.cz\/wp-content\/uploads\/Sudek_2.jpg","width":1920,"height":1365,"caption":"Plak\u00e1t k v\u00fdstav\u011b s fotografi\u00ed Josefa Sudka"},{"@type":"BreadcrumbList","@id":"https:\/\/www.upm.cz\/eshop\/plakat-vystavy-josef-sudek-otto-rothmayer-kopirovat\/#breadcrumb","itemListElement":[{"@type":"ListItem","position":1,"name":"Dom\u016f","item":"https:\/\/www.upm.cz\/"},{"@type":"ListItem","position":2,"name":"eshop","item":"https:\/\/www.upm.cz\/eshop\/"},{"@type":"ListItem","position":3,"name":"PLAK\u00c1T V\u00ddSTAVY JOSEF SUDEK \/ OTTO ROTHMAYER A0 NA \u0160\u00cd\u0158KU"}]},{"@type":"WebSite","@id":"https:\/\/www.upm.cz\/#website","url":"https:\/\/www.upm.cz\/","name":"Um\u011bleckopr\u016fmyslov\u00e9 museum v Praze","description":"","publisher":{"@id":"https:\/\/www.upm.cz\/#organization"},"potentialAction":[{"@type":"SearchAction","target":{"@type":"EntryPoint","urlTemplate":"https:\/\/www.upm.cz\/?s={search_term_string}"},"query-input":{"@type":"PropertyValueSpecification","valueRequired":true,"valueName":"search_term_string"}}],"inLanguage":"en-US"},{"@type":"Organization","@id":"https:\/\/www.upm.cz\/#organization","name":"Um\u011bleckopr\u016fmyslov\u00e9 museum v Praze","url":"https:\/\/www.upm.cz\/","logo":{"@type":"ImageObject","inLanguage":"en-US","@id":"https:\/\/www.upm.cz\/#\/schema\/logo\/image\/","url":"https:\/\/www.upm.cz\/wp-content\/uploads\/2020\/03\/logo_upm_cz.svg","contentUrl":"https:\/\/www.upm.cz\/wp-content\/uploads\/2020\/03\/logo_upm_cz.svg","width":1736,"height":295,"caption":"Um\u011bleckopr\u016fmyslov\u00e9 museum v Praze"},"image":{"@id":"https:\/\/www.upm.cz\/#\/schema\/logo\/image\/"}}]}},"_links":{"self":[{"href":"https:\/\/www.upm.cz\/an\/wp-json\/wp\/v2\/product\/11902","targetHints":{"allow":["GET"]}}],"collection":[{"href":"https:\/\/www.upm.cz\/an\/wp-json\/wp\/v2\/product"}],"about":[{"href":"https:\/\/www.upm.cz\/an\/wp-json\/wp\/v2\/types\/product"}],"wp:featuredmedia":[{"embeddable":true,"href":"https:\/\/www.upm.cz\/an\/wp-json\/wp\/v2\/media\/11903"}],"wp:attachment":[{"href":"https:\/\/www.upm.cz\/an\/wp-json\/wp\/v2\/media?parent=11902"}],"wp:term":[{"taxonomy":"product_brand","embeddable":true,"href":"https:\/\/www.upm.cz\/an\/wp-json\/wp\/v2\/product_brand?post=11902"},{"taxonomy":"product_cat","embeddable":true,"href":"https:\/\/www.upm.cz\/an\/wp-json\/wp\/v2\/product_cat?post=11902"},{"taxonomy":"product_tag","embeddable":true,"href":"https:\/\/www.upm.cz\/an\/wp-json\/wp\/v2\/product_tag?post=11902"}],"curies":[{"name":"wp","href":"https:\/\/api.w.org\/{rel}","templated":true}]}}

PLAKÁT VÝSTAVY JOSEF SUDEK / OTTO ROTHMAYER A0 NA ŠÍŘKU

<p>Plakát k&nbsp;výstavě Josef Sudek / Otto Rothmayer. Návštěva u&nbsp;pana kouzelníka s&nbsp;fotografií Josefa Sudka. Grafický design Martin Balcar. Velikost A0.</p>
<p>&nbsp;</p>

<!-- This site is optimized with the Yoast SEO plugin v26.9 - https://yoast.com/product/yoast-seo-wordpress/ -->
<title>PLAKÁT VÝSTAVY JOSEF SUDEK / OTTO ROTHMAYER A0 NA ŠÍŘKU - Uměleckoprůmyslové museum v Praze</title>
<meta name="description" content="Plakát k výstavě Josef Sudek / Otto Rothmayer. Návštěva u pana kouzelníka s fotografií Josefa Sudka. Grafický design Martin Balcar. Velikost A0." />
<meta name="robots" content="index, follow, max-snippet:-1, max-image-preview:large, max-video-preview:-1" />
<link rel="canonical" href="https://www.upm.cz/an/eshop/plakat-vystavy-josef-sudek-otto-rothmayer-kopirovat/" />
<meta property="og:locale" content="en_US" />
<meta property="og:type" content="article" />
<meta property="og:title" content="PLAKÁT VÝSTAVY JOSEF SUDEK / OTTO ROTHMAYER A0 NA ŠÍŘKU - Uměleckoprůmyslové museum v Praze" />
<meta property="og:description" content="Plakát k výstavě Josef Sudek / Otto Rothmayer. Návštěva u pana kouzelníka s fotografií Josefa Sudka. Grafický design Martin Balcar. Velikost A0." />
<meta property="og:url" content="https://www.upm.cz/an/eshop/plakat-vystavy-josef-sudek-otto-rothmayer-kopirovat/" />
<meta property="og:site_name" content="Uměleckoprůmyslové museum v Praze" />
<meta property="article:modified_time" content="2024-12-19T19:16:29+00:00" />
<meta property="og:image" content="https://www.upm.cz/wp-content/uploads/Sudek_2.jpg" />
	<meta property="og:image:width" content="1920" />
	<meta property="og:image:height" content="1365" />
	<meta property="og:image:type" content="image/jpeg" />
<meta name="twitter:card" content="summary_large_image" />
<script type="application/ld+json" class="yoast-schema-graph">{"@context":"https://schema.org","@graph":[{"@type":"WebPage","@id":"https://www.upm.cz/eshop/plakat-vystavy-josef-sudek-otto-rothmayer-kopirovat/","url":"https://www.upm.cz/eshop/plakat-vystavy-josef-sudek-otto-rothmayer-kopirovat/","name":"PLAKÁT VÝSTAVY JOSEF SUDEK / OTTO ROTHMAYER A0 NA ŠÍŘKU - Uměleckoprůmyslové museum v Praze","isPartOf":{"@id":"https://www.upm.cz/#website"},"primaryImageOfPage":{"@id":"https://www.upm.cz/eshop/plakat-vystavy-josef-sudek-otto-rothmayer-kopirovat/#primaryimage"},"image":{"@id":"https://www.upm.cz/eshop/plakat-vystavy-josef-sudek-otto-rothmayer-kopirovat/#primaryimage"},"thumbnailUrl":"https://www.upm.cz/wp-content/uploads/Sudek_2.jpg","datePublished":"2022-04-25T20:45:43+00:00","dateModified":"2024-12-19T19:16:29+00:00","description":"Plakát k výstavě Josef Sudek / Otto Rothmayer. Návštěva u pana kouzelníka s fotografií Josefa Sudka. Grafický design Martin Balcar. Velikost A0.","breadcrumb":{"@id":"https://www.upm.cz/eshop/plakat-vystavy-josef-sudek-otto-rothmayer-kopirovat/#breadcrumb"},"inLanguage":"en-US","potentialAction":[{"@type":"ReadAction","target":["https://www.upm.cz/eshop/plakat-vystavy-josef-sudek-otto-rothmayer-kopirovat/"]}]},{"@type":"ImageObject","inLanguage":"en-US","@id":"https://www.upm.cz/eshop/plakat-vystavy-josef-sudek-otto-rothmayer-kopirovat/#primaryimage","url":"https://www.upm.cz/wp-content/uploads/Sudek_2.jpg","contentUrl":"https://www.upm.cz/wp-content/uploads/Sudek_2.jpg","width":1920,"height":1365,"caption":"Plakát k výstavě s fotografií Josefa Sudka"},{"@type":"BreadcrumbList","@id":"https://www.upm.cz/eshop/plakat-vystavy-josef-sudek-otto-rothmayer-kopirovat/#breadcrumb","itemListElement":[{"@type":"ListItem","position":1,"name":"Domů","item":"https://www.upm.cz/"},{"@type":"ListItem","position":2,"name":"eshop","item":"https://www.upm.cz/eshop/"},{"@type":"ListItem","position":3,"name":"PLAKÁT VÝSTAVY JOSEF SUDEK / OTTO ROTHMAYER A0 NA ŠÍŘKU"}]},{"@type":"WebSite","@id":"https://www.upm.cz/#website","url":"https://www.upm.cz/","name":"Uměleckoprůmyslové museum v Praze","description":"","publisher":{"@id":"https://www.upm.cz/#organization"},"potentialAction":[{"@type":"SearchAction","target":{"@type":"EntryPoint","urlTemplate":"https://www.upm.cz/?s={search_term_string}"},"query-input":{"@type":"PropertyValueSpecification","valueRequired":true,"valueName":"search_term_string"}}],"inLanguage":"en-US"},{"@type":"Organization","@id":"https://www.upm.cz/#organization","name":"Uměleckoprůmyslové museum v Praze","url":"https://www.upm.cz/","logo":{"@type":"ImageObject","inLanguage":"en-US","@id":"https://www.upm.cz/#/schema/logo/image/","url":"https://www.upm.cz/wp-content/uploads/2020/03/logo_upm_cz.svg","contentUrl":"https://www.upm.cz/wp-content/uploads/2020/03/logo_upm_cz.svg","width":1736,"height":295,"caption":"Uměleckoprůmyslové museum v Praze"},"image":{"@id":"https://www.upm.cz/#/schema/logo/image/"}}]}</script>
<!-- / Yoast SEO plugin. -->

PLAKÁT VÝSTAVY JOSEF SUDEK / OTTO ROTHMAYER A0 NA ŠÍŘKU - Uměleckoprůmyslové museum v Praze

Plakát k výstavě Josef Sudek / Otto Rothmayer. Návštěva u pana kouzelníka s fotografií Josefa Sudka. Grafický design Martin Balcar. Velikost A0.

Uměleckoprůmyslové museum v Praze

Plakát k výstavě s fotografií Josefa Sudka

Domů
