{"id":12936,"date":"2022-09-02T10:51:55","date_gmt":"2022-09-02T08:51:55","guid":{"rendered":"https:\/\/www.upm.cz\/?post_type=product&#038;p=12936"},"modified":"2024-05-16T13:46:29","modified_gmt":"2024-05-16T11:46:29","slug":"artel-1908-1935-tschechischer-kubismus-im-alltag","status":"publish","type":"product","link":"https:\/\/www.upm.cz\/an\/eshop\/artel-1908-1935-tschechischer-kubismus-im-alltag\/","title":{"rendered":"ART\u011aL 1908\u20131935. TSCHECHISCHER KUBISMUS IM ALLTAG"},"content":{"rendered":"<p>The Most Beautiful Czech Book of the Year-3rd place in the Catalogues category<\/p>\n<p>This comprehensive publication presents the quarter-century-long activities of the Art\u011bl cooperative &#8211; one of the most important institutions of Czech applied art and design in the first half of the 20th century. Founded in Prague in 1908, Art\u011bl brought together the most prominent personalities of the Czech art scene. In its early days, it focused on the design and production of &#8222;small art for everyday life&#8220; &#8211; small utilitarian and decorative objects made of wood, ceramics, metals and other materials, but later expanded its activities to include complex solutions for residential and commercial interiors. In the course of its activities, Art\u011bl has seen several currents of opinion collide, but the common thread has always been the effort to promote modern artistic thinking in the field of applied art and the desire to participate in the cultivation of housing culture and lifestyle. Thus, we can still say today that Art\u011bl is as much a&nbsp;part of European modernism as the inspiring Wiener Werkst\u00e4tte in Austria or the Bauhaus movement in Germany.<\/p>\n<p>&nbsp;<\/p>","protected":false},"excerpt":{"rendered":"<p>The publication was published by the Museum of Decorative Arts in Prague and the publishing house Arbor vitae for the exhibition of the same name held at the Museum of Decorative Arts in Prague from 27 November 2008 to 15 March 2009.<\/p>\n<p>Ji\u0159\u00ed Fronek<br \/>\nTexts: col. of UPM curators, Vendula Hn\u00eddkov\u00e1 and Michael T\u0159e\u0161t\u00edk<br \/>\nGraphic design: \u0160t\u011bp\u00e1n Malovec<br \/>\nEdition: Czech, German<br \/>\nnumber of pages: 400<br \/>\nnumber of reproductions: 750<br \/>\nbinding: hardcover, 27,5 x 20,5 cm<br \/>\nISBN UPM: 978-8071-081-4<br \/>\nISBN Arbor vitae: 978-80-87164-12-9<\/p>\n<p>ONLY IN GERMAN<\/p>","protected":false},"featured_media":7282,"template":"","meta":{"_acf_changed":false},"product_brand":[],"product_cat":[80],"product_tag":[],"class_list":{"0":"post-12936","1":"product","2":"type-product","3":"status-publish","4":"has-post-thumbnail","6":"product_cat-books","8":"first","9":"outofstock","10":"shipping-taxable","11":"purchasable","12":"product-type-simple"},"acf":[],"yoast_head":"<!-- This site is optimized with the Yoast SEO plugin v26.9 - https:\/\/yoast.com\/product\/yoast-seo-wordpress\/ -->\n<title>ART\u011aL 1908\u20131935. TSCHECHISCHER KUBISMUS IM ALLTAG - Um\u011bleckopr\u016fmyslov\u00e9 museum v Praze<\/title>\n<meta name=\"description\" content=\"This comprehensive publication presents the quarter-century-long activities of the Art\u011bl cooperative - one of the most important institutions of Czech applied art and design in the first half of the 20th century. Founded in Prague in 1908, Art\u011bl brought together the most prominent personalities of the Czech art scene.\" \/>\n<meta name=\"robots\" content=\"index, follow, max-snippet:-1, max-image-preview:large, max-video-preview:-1\" \/>\n<link rel=\"canonical\" href=\"https:\/\/www.upm.cz\/an\/eshop\/artel-1908-1935-tschechischer-kubismus-im-alltag\/\" \/>\n<meta property=\"og:locale\" content=\"en_US\" \/>\n<meta property=\"og:type\" content=\"article\" \/>\n<meta property=\"og:title\" content=\"ART\u011aL 1908\u20131935. TSCHECHISCHER KUBISMUS IM ALLTAG - Um\u011bleckopr\u016fmyslov\u00e9 museum v Praze\" \/>\n<meta property=\"og:description\" content=\"This comprehensive publication presents the quarter-century-long activities of the Art\u011bl cooperative - one of the most important institutions of Czech applied art and design in the first half of the 20th century. Founded in Prague in 1908, Art\u011bl brought together the most prominent personalities of the Czech art scene.\" \/>\n<meta property=\"og:url\" content=\"https:\/\/www.upm.cz\/an\/eshop\/artel-1908-1935-tschechischer-kubismus-im-alltag\/\" \/>\n<meta property=\"og:site_name\" content=\"Um\u011bleckopr\u016fmyslov\u00e9 museum v Praze\" \/>\n<meta property=\"article:modified_time\" content=\"2024-05-16T11:46:29+00:00\" \/>\n<meta property=\"og:image\" content=\"https:\/\/www.upm.cz\/wp-content\/uploads\/ARTEL_DE_P05.jpg\" \/>\n\t<meta property=\"og:image:width\" content=\"904\" \/>\n\t<meta property=\"og:image:height\" content=\"1200\" \/>\n\t<meta property=\"og:image:type\" content=\"image\/jpeg\" \/>\n<meta name=\"twitter:card\" content=\"summary_large_image\" \/>\n<meta name=\"twitter:label1\" content=\"Est. reading time\" \/>\n\t<meta name=\"twitter:data1\" content=\"2 minutes\" \/>\n<script type=\"application\/ld+json\" class=\"yoast-schema-graph\">{\"@context\":\"https:\/\/schema.org\",\"@graph\":[{\"@type\":\"WebPage\",\"@id\":\"https:\/\/www.upm.cz\/eshop\/artel-1908-1935-tschechischer-kubismus-im-alltag\/\",\"url\":\"https:\/\/www.upm.cz\/eshop\/artel-1908-1935-tschechischer-kubismus-im-alltag\/\",\"name\":\"ART\u011aL 1908\u20131935. TSCHECHISCHER KUBISMUS IM ALLTAG - Um\u011bleckopr\u016fmyslov\u00e9 museum v Praze\",\"isPartOf\":{\"@id\":\"https:\/\/www.upm.cz\/#website\"},\"primaryImageOfPage\":{\"@id\":\"https:\/\/www.upm.cz\/eshop\/artel-1908-1935-tschechischer-kubismus-im-alltag\/#primaryimage\"},\"image\":{\"@id\":\"https:\/\/www.upm.cz\/eshop\/artel-1908-1935-tschechischer-kubismus-im-alltag\/#primaryimage\"},\"thumbnailUrl\":\"https:\/\/www.upm.cz\/wp-content\/uploads\/ARTEL_DE_P05.jpg\",\"datePublished\":\"2022-09-02T08:51:55+00:00\",\"dateModified\":\"2024-05-16T11:46:29+00:00\",\"description\":\"This comprehensive publication presents the quarter-century-long activities of the Art\u011bl cooperative - one of the most important institutions of Czech applied art and design in the first half of the 20th century. Founded in Prague in 1908, Art\u011bl brought together the most prominent personalities of the Czech art scene.\",\"breadcrumb\":{\"@id\":\"https:\/\/www.upm.cz\/eshop\/artel-1908-1935-tschechischer-kubismus-im-alltag\/#breadcrumb\"},\"inLanguage\":\"en-US\",\"potentialAction\":[{\"@type\":\"ReadAction\",\"target\":[\"https:\/\/www.upm.cz\/eshop\/artel-1908-1935-tschechischer-kubismus-im-alltag\/\"]}]},{\"@type\":\"ImageObject\",\"inLanguage\":\"en-US\",\"@id\":\"https:\/\/www.upm.cz\/eshop\/artel-1908-1935-tschechischer-kubismus-im-alltag\/#primaryimage\",\"url\":\"https:\/\/www.upm.cz\/wp-content\/uploads\/ARTEL_DE_P05.jpg\",\"contentUrl\":\"https:\/\/www.upm.cz\/wp-content\/uploads\/ARTEL_DE_P05.jpg\",\"width\":904,\"height\":1200},{\"@type\":\"BreadcrumbList\",\"@id\":\"https:\/\/www.upm.cz\/eshop\/artel-1908-1935-tschechischer-kubismus-im-alltag\/#breadcrumb\",\"itemListElement\":[{\"@type\":\"ListItem\",\"position\":1,\"name\":\"Dom\u016f\",\"item\":\"https:\/\/www.upm.cz\/\"},{\"@type\":\"ListItem\",\"position\":2,\"name\":\"eshop\",\"item\":\"https:\/\/www.upm.cz\/eshop\/\"},{\"@type\":\"ListItem\",\"position\":3,\"name\":\"ART\u011aL 1908\u20131935. TSCHECHISCHER KUBISMUS IM ALLTAG\"}]},{\"@type\":\"WebSite\",\"@id\":\"https:\/\/www.upm.cz\/#website\",\"url\":\"https:\/\/www.upm.cz\/\",\"name\":\"Um\u011bleckopr\u016fmyslov\u00e9 museum v Praze\",\"description\":\"\",\"publisher\":{\"@id\":\"https:\/\/www.upm.cz\/#organization\"},\"potentialAction\":[{\"@type\":\"SearchAction\",\"target\":{\"@type\":\"EntryPoint\",\"urlTemplate\":\"https:\/\/www.upm.cz\/?s={search_term_string}\"},\"query-input\":{\"@type\":\"PropertyValueSpecification\",\"valueRequired\":true,\"valueName\":\"search_term_string\"}}],\"inLanguage\":\"en-US\"},{\"@type\":\"Organization\",\"@id\":\"https:\/\/www.upm.cz\/#organization\",\"name\":\"Um\u011bleckopr\u016fmyslov\u00e9 museum v Praze\",\"url\":\"https:\/\/www.upm.cz\/\",\"logo\":{\"@type\":\"ImageObject\",\"inLanguage\":\"en-US\",\"@id\":\"https:\/\/www.upm.cz\/#\/schema\/logo\/image\/\",\"url\":\"https:\/\/www.upm.cz\/wp-content\/uploads\/2020\/03\/logo_upm_cz.svg\",\"contentUrl\":\"https:\/\/www.upm.cz\/wp-content\/uploads\/2020\/03\/logo_upm_cz.svg\",\"width\":1736,\"height\":295,\"caption\":\"Um\u011bleckopr\u016fmyslov\u00e9 museum v Praze\"},\"image\":{\"@id\":\"https:\/\/www.upm.cz\/#\/schema\/logo\/image\/\"}}]}<\/script>\n<!-- \/ Yoast SEO plugin. -->","yoast_head_json":{"title":"ART\u011aL 1908\u20131935. TSCHECHISCHER KUBISMUS IM ALLTAG - Um\u011bleckopr\u016fmyslov\u00e9 museum v Praze","description":"This comprehensive publication presents the quarter-century-long activities of the Art\u011bl cooperative - one of the most important institutions of Czech applied art and design in the first half of the 20th century. Founded in Prague in 1908, Art\u011bl brought together the most prominent personalities of the Czech art scene.","robots":{"index":"index","follow":"follow","max-snippet":"max-snippet:-1","max-image-preview":"max-image-preview:large","max-video-preview":"max-video-preview:-1"},"canonical":"https:\/\/www.upm.cz\/an\/eshop\/artel-1908-1935-tschechischer-kubismus-im-alltag\/","og_locale":"en_US","og_type":"article","og_title":"ART\u011aL 1908\u20131935. TSCHECHISCHER KUBISMUS IM ALLTAG - Um\u011bleckopr\u016fmyslov\u00e9 museum v Praze","og_description":"This comprehensive publication presents the quarter-century-long activities of the Art\u011bl cooperative - one of the most important institutions of Czech applied art and design in the first half of the 20th century. Founded in Prague in 1908, Art\u011bl brought together the most prominent personalities of the Czech art scene.","og_url":"https:\/\/www.upm.cz\/an\/eshop\/artel-1908-1935-tschechischer-kubismus-im-alltag\/","og_site_name":"Um\u011bleckopr\u016fmyslov\u00e9 museum v Praze","article_modified_time":"2024-05-16T11:46:29+00:00","og_image":[{"width":904,"height":1200,"url":"https:\/\/www.upm.cz\/wp-content\/uploads\/ARTEL_DE_P05.jpg","type":"image\/jpeg"}],"twitter_card":"summary_large_image","twitter_misc":{"Est. reading time":"2 minutes"},"schema":{"@context":"https:\/\/schema.org","@graph":[{"@type":"WebPage","@id":"https:\/\/www.upm.cz\/eshop\/artel-1908-1935-tschechischer-kubismus-im-alltag\/","url":"https:\/\/www.upm.cz\/eshop\/artel-1908-1935-tschechischer-kubismus-im-alltag\/","name":"ART\u011aL 1908\u20131935. TSCHECHISCHER KUBISMUS IM ALLTAG - Um\u011bleckopr\u016fmyslov\u00e9 museum v Praze","isPartOf":{"@id":"https:\/\/www.upm.cz\/#website"},"primaryImageOfPage":{"@id":"https:\/\/www.upm.cz\/eshop\/artel-1908-1935-tschechischer-kubismus-im-alltag\/#primaryimage"},"image":{"@id":"https:\/\/www.upm.cz\/eshop\/artel-1908-1935-tschechischer-kubismus-im-alltag\/#primaryimage"},"thumbnailUrl":"https:\/\/www.upm.cz\/wp-content\/uploads\/ARTEL_DE_P05.jpg","datePublished":"2022-09-02T08:51:55+00:00","dateModified":"2024-05-16T11:46:29+00:00","description":"This comprehensive publication presents the quarter-century-long activities of the Art\u011bl cooperative - one of the most important institutions of Czech applied art and design in the first half of the 20th century. Founded in Prague in 1908, Art\u011bl brought together the most prominent personalities of the Czech art scene.","breadcrumb":{"@id":"https:\/\/www.upm.cz\/eshop\/artel-1908-1935-tschechischer-kubismus-im-alltag\/#breadcrumb"},"inLanguage":"en-US","potentialAction":[{"@type":"ReadAction","target":["https:\/\/www.upm.cz\/eshop\/artel-1908-1935-tschechischer-kubismus-im-alltag\/"]}]},{"@type":"ImageObject","inLanguage":"en-US","@id":"https:\/\/www.upm.cz\/eshop\/artel-1908-1935-tschechischer-kubismus-im-alltag\/#primaryimage","url":"https:\/\/www.upm.cz\/wp-content\/uploads\/ARTEL_DE_P05.jpg","contentUrl":"https:\/\/www.upm.cz\/wp-content\/uploads\/ARTEL_DE_P05.jpg","width":904,"height":1200},{"@type":"BreadcrumbList","@id":"https:\/\/www.upm.cz\/eshop\/artel-1908-1935-tschechischer-kubismus-im-alltag\/#breadcrumb","itemListElement":[{"@type":"ListItem","position":1,"name":"Dom\u016f","item":"https:\/\/www.upm.cz\/"},{"@type":"ListItem","position":2,"name":"eshop","item":"https:\/\/www.upm.cz\/eshop\/"},{"@type":"ListItem","position":3,"name":"ART\u011aL 1908\u20131935. TSCHECHISCHER KUBISMUS IM ALLTAG"}]},{"@type":"WebSite","@id":"https:\/\/www.upm.cz\/#website","url":"https:\/\/www.upm.cz\/","name":"Um\u011bleckopr\u016fmyslov\u00e9 museum v Praze","description":"","publisher":{"@id":"https:\/\/www.upm.cz\/#organization"},"potentialAction":[{"@type":"SearchAction","target":{"@type":"EntryPoint","urlTemplate":"https:\/\/www.upm.cz\/?s={search_term_string}"},"query-input":{"@type":"PropertyValueSpecification","valueRequired":true,"valueName":"search_term_string"}}],"inLanguage":"en-US"},{"@type":"Organization","@id":"https:\/\/www.upm.cz\/#organization","name":"Um\u011bleckopr\u016fmyslov\u00e9 museum v Praze","url":"https:\/\/www.upm.cz\/","logo":{"@type":"ImageObject","inLanguage":"en-US","@id":"https:\/\/www.upm.cz\/#\/schema\/logo\/image\/","url":"https:\/\/www.upm.cz\/wp-content\/uploads\/2020\/03\/logo_upm_cz.svg","contentUrl":"https:\/\/www.upm.cz\/wp-content\/uploads\/2020\/03\/logo_upm_cz.svg","width":1736,"height":295,"caption":"Um\u011bleckopr\u016fmyslov\u00e9 museum v Praze"},"image":{"@id":"https:\/\/www.upm.cz\/#\/schema\/logo\/image\/"}}]}},"_links":{"self":[{"href":"https:\/\/www.upm.cz\/an\/wp-json\/wp\/v2\/product\/12936","targetHints":{"allow":["GET"]}}],"collection":[{"href":"https:\/\/www.upm.cz\/an\/wp-json\/wp\/v2\/product"}],"about":[{"href":"https:\/\/www.upm.cz\/an\/wp-json\/wp\/v2\/types\/product"}],"wp:featuredmedia":[{"embeddable":true,"href":"https:\/\/www.upm.cz\/an\/wp-json\/wp\/v2\/media\/7282"}],"wp:attachment":[{"href":"https:\/\/www.upm.cz\/an\/wp-json\/wp\/v2\/media?parent=12936"}],"wp:term":[{"taxonomy":"product_brand","embeddable":true,"href":"https:\/\/www.upm.cz\/an\/wp-json\/wp\/v2\/product_brand?post=12936"},{"taxonomy":"product_cat","embeddable":true,"href":"https:\/\/www.upm.cz\/an\/wp-json\/wp\/v2\/product_cat?post=12936"},{"taxonomy":"product_tag","embeddable":true,"href":"https:\/\/www.upm.cz\/an\/wp-json\/wp\/v2\/product_tag?post=12936"}],"curies":[{"name":"wp","href":"https:\/\/api.w.org\/{rel}","templated":true}]}}

ARTĚL 1908–1935. TSCHECHISCHER KUBISMUS IM ALLTAG

<p>The Most Beautiful Czech Book of the Year-3rd place in the Catalogues category</p>
<p>This comprehensive publication presents the quarter-century-long activities of the Artěl cooperative &#8211; one of the most important institutions of Czech applied art and design in the first half of the 20th century. Founded in Prague in 1908, Artěl brought together the most prominent personalities of the Czech art scene. In its early days, it focused on the design and production of &#8222;small art for everyday life&#8220; &#8211; small utilitarian and decorative objects made of wood, ceramics, metals and other materials, but later expanded its activities to include complex solutions for residential and commercial interiors. In the course of its activities, Artěl has seen several currents of opinion collide, but the common thread has always been the effort to promote modern artistic thinking in the field of applied art and the desire to participate in the cultivation of housing culture and lifestyle. Thus, we can still say today that Artěl is as much a&nbsp;part of European modernism as the inspiring Wiener Werkstätte in Austria or the Bauhaus movement in Germany.</p>
<p>&nbsp;</p>

<p>The publication was published by the Museum of Decorative Arts in Prague and the publishing house Arbor vitae for the exhibition of the same name held at the Museum of Decorative Arts in Prague from 27 November 2008 to 15 March 2009.</p>
<p>Jiří Fronek<br />
Texts: col. of UPM curators, Vendula Hnídková and Michael Třeštík<br />
Graphic design: Štěpán Malovec<br />
Edition: Czech, German<br />
number of pages: 400<br />
number of reproductions: 750<br />
binding: hardcover, 27,5 x 20,5 cm<br />
ISBN UPM: 978-8071-081-4<br />
ISBN Arbor vitae: 978-80-87164-12-9</p>
<p>ONLY IN GERMAN</p>

<!-- This site is optimized with the Yoast SEO plugin v26.9 - https://yoast.com/product/yoast-seo-wordpress/ -->
<title>ARTĚL 1908–1935. TSCHECHISCHER KUBISMUS IM ALLTAG - Uměleckoprůmyslové museum v Praze</title>
<meta name="description" content="This comprehensive publication presents the quarter-century-long activities of the Artěl cooperative - one of the most important institutions of Czech applied art and design in the first half of the 20th century. Founded in Prague in 1908, Artěl brought together the most prominent personalities of the Czech art scene." />
<meta name="robots" content="index, follow, max-snippet:-1, max-image-preview:large, max-video-preview:-1" />
<link rel="canonical" href="https://www.upm.cz/an/eshop/artel-1908-1935-tschechischer-kubismus-im-alltag/" />
<meta property="og:locale" content="en_US" />
<meta property="og:type" content="article" />
<meta property="og:title" content="ARTĚL 1908–1935. TSCHECHISCHER KUBISMUS IM ALLTAG - Uměleckoprůmyslové museum v Praze" />
<meta property="og:description" content="This comprehensive publication presents the quarter-century-long activities of the Artěl cooperative - one of the most important institutions of Czech applied art and design in the first half of the 20th century. Founded in Prague in 1908, Artěl brought together the most prominent personalities of the Czech art scene." />
<meta property="og:url" content="https://www.upm.cz/an/eshop/artel-1908-1935-tschechischer-kubismus-im-alltag/" />
<meta property="og:site_name" content="Uměleckoprůmyslové museum v Praze" />
<meta property="article:modified_time" content="2024-05-16T11:46:29+00:00" />
<meta property="og:image" content="https://www.upm.cz/wp-content/uploads/ARTEL_DE_P05.jpg" />
	<meta property="og:image:width" content="904" />
	<meta property="og:image:height" content="1200" />
	<meta property="og:image:type" content="image/jpeg" />
<meta name="twitter:card" content="summary_large_image" />
<meta name="twitter:label1" content="Est. reading time" />
	<meta name="twitter:data1" content="2 minutes" />
<script type="application/ld+json" class="yoast-schema-graph">{"@context":"https://schema.org","@graph":[{"@type":"WebPage","@id":"https://www.upm.cz/eshop/artel-1908-1935-tschechischer-kubismus-im-alltag/","url":"https://www.upm.cz/eshop/artel-1908-1935-tschechischer-kubismus-im-alltag/","name":"ARTĚL 1908–1935. TSCHECHISCHER KUBISMUS IM ALLTAG - Uměleckoprůmyslové museum v Praze","isPartOf":{"@id":"https://www.upm.cz/#website"},"primaryImageOfPage":{"@id":"https://www.upm.cz/eshop/artel-1908-1935-tschechischer-kubismus-im-alltag/#primaryimage"},"image":{"@id":"https://www.upm.cz/eshop/artel-1908-1935-tschechischer-kubismus-im-alltag/#primaryimage"},"thumbnailUrl":"https://www.upm.cz/wp-content/uploads/ARTEL_DE_P05.jpg","datePublished":"2022-09-02T08:51:55+00:00","dateModified":"2024-05-16T11:46:29+00:00","description":"This comprehensive publication presents the quarter-century-long activities of the Artěl cooperative - one of the most important institutions of Czech applied art and design in the first half of the 20th century. Founded in Prague in 1908, Artěl brought together the most prominent personalities of the Czech art scene.","breadcrumb":{"@id":"https://www.upm.cz/eshop/artel-1908-1935-tschechischer-kubismus-im-alltag/#breadcrumb"},"inLanguage":"en-US","potentialAction":[{"@type":"ReadAction","target":["https://www.upm.cz/eshop/artel-1908-1935-tschechischer-kubismus-im-alltag/"]}]},{"@type":"ImageObject","inLanguage":"en-US","@id":"https://www.upm.cz/eshop/artel-1908-1935-tschechischer-kubismus-im-alltag/#primaryimage","url":"https://www.upm.cz/wp-content/uploads/ARTEL_DE_P05.jpg","contentUrl":"https://www.upm.cz/wp-content/uploads/ARTEL_DE_P05.jpg","width":904,"height":1200},{"@type":"BreadcrumbList","@id":"https://www.upm.cz/eshop/artel-1908-1935-tschechischer-kubismus-im-alltag/#breadcrumb","itemListElement":[{"@type":"ListItem","position":1,"name":"Domů","item":"https://www.upm.cz/"},{"@type":"ListItem","position":2,"name":"eshop","item":"https://www.upm.cz/eshop/"},{"@type":"ListItem","position":3,"name":"ARTĚL 1908–1935. TSCHECHISCHER KUBISMUS IM ALLTAG"}]},{"@type":"WebSite","@id":"https://www.upm.cz/#website","url":"https://www.upm.cz/","name":"Uměleckoprůmyslové museum v Praze","description":"","publisher":{"@id":"https://www.upm.cz/#organization"},"potentialAction":[{"@type":"SearchAction","target":{"@type":"EntryPoint","urlTemplate":"https://www.upm.cz/?s={search_term_string}"},"query-input":{"@type":"PropertyValueSpecification","valueRequired":true,"valueName":"search_term_string"}}],"inLanguage":"en-US"},{"@type":"Organization","@id":"https://www.upm.cz/#organization","name":"Uměleckoprůmyslové museum v Praze","url":"https://www.upm.cz/","logo":{"@type":"ImageObject","inLanguage":"en-US","@id":"https://www.upm.cz/#/schema/logo/image/","url":"https://www.upm.cz/wp-content/uploads/2020/03/logo_upm_cz.svg","contentUrl":"https://www.upm.cz/wp-content/uploads/2020/03/logo_upm_cz.svg","width":1736,"height":295,"caption":"Uměleckoprůmyslové museum v Praze"},"image":{"@id":"https://www.upm.cz/#/schema/logo/image/"}}]}</script>
<!-- / Yoast SEO plugin. -->

ARTĚL 1908–1935. TSCHECHISCHER KUBISMUS IM ALLTAG - Uměleckoprůmyslové museum v Praze

This comprehensive publication presents the quarter-century-long activities of the Artěl cooperative - one of the most important institutions of Czech applied art and design in the first half of the 20th century. Founded in Prague in 1908, Artěl brought together the most prominent personalities of the Czech art scene.

Uměleckoprůmyslové museum v Praze

Domů
