{"id":16405,"date":"2023-05-03T13:48:50","date_gmt":"2023-05-03T11:48:50","guid":{"rendered":"https:\/\/www.upm.cz\/?post_type=product&#038;p=16405"},"modified":"2025-09-30T11:28:33","modified_gmt":"2025-09-30T09:28:33","slug":"plakat-vystavy-pavel-nadvornik-petr-lukas-post-radost","status":"publish","type":"product","link":"https:\/\/www.upm.cz\/an\/eshop\/plakat-vystavy-pavel-nadvornik-petr-lukas-post-radost\/","title":{"rendered":"PLAK\u00c1T V\u00ddSTAVY PAVEL N\u00c1DVORN\u00cdK &#038; PETR LUK\u00c1\u0160 \/ POST &#038; RADOST"},"content":{"rendered":"","protected":false},"excerpt":{"rendered":"<p>Plak\u00e1t k&nbsp;v\u00fdstav\u011b<\/p>","protected":false},"featured_media":16406,"template":"","meta":{"_acf_changed":false},"product_brand":[],"product_cat":[49],"product_tag":[],"class_list":{"0":"post-16405","1":"product","2":"type-product","3":"status-publish","4":"has-post-thumbnail","6":"product_cat-ostatni","8":"first","9":"instock","10":"shipping-taxable","11":"purchasable","12":"product-type-simple"},"acf":[],"yoast_head":"<!-- This site is optimized with the Yoast SEO plugin v26.9 - https:\/\/yoast.com\/product\/yoast-seo-wordpress\/ -->\n<title>PLAK\u00c1T V\u00ddSTAVY PAVEL N\u00c1DVORN\u00cdK &amp; PETR LUK\u00c1\u0160 \/ POST &amp; RADOST - Um\u011bleckopr\u016fmyslov\u00e9 museum v Praze<\/title>\n<meta name=\"description\" content=\"Plak\u00e1t k v\u00fdstav\u011b Pavel N\u00e1dvorn\u00edk (&amp; Petr Luk\u00e1\u0161). Retrospektiva 0.3 \/ Post &amp; Radost. velikost A1 594 \u00d7 841. Grafick\u00fd design Zuzana Lednick\u00e1, Studio Najbrt\" \/>\n<meta name=\"robots\" content=\"index, follow, max-snippet:-1, max-image-preview:large, max-video-preview:-1\" \/>\n<link rel=\"canonical\" href=\"https:\/\/www.upm.cz\/an\/eshop\/plakat-vystavy-pavel-nadvornik-petr-lukas-post-radost\/\" \/>\n<meta property=\"og:locale\" content=\"en_US\" \/>\n<meta property=\"og:type\" content=\"article\" \/>\n<meta property=\"og:title\" content=\"PLAK\u00c1T V\u00ddSTAVY PAVEL N\u00c1DVORN\u00cdK &amp; PETR LUK\u00c1\u0160 \/ POST &amp; RADOST - Um\u011bleckopr\u016fmyslov\u00e9 museum v Praze\" \/>\n<meta property=\"og:description\" content=\"Plak\u00e1t k v\u00fdstav\u011b Pavel N\u00e1dvorn\u00edk (&amp; Petr Luk\u00e1\u0161). Retrospektiva 0.3 \/ Post &amp; Radost. velikost A1 594 \u00d7 841. Grafick\u00fd design Zuzana Lednick\u00e1, Studio Najbrt\" \/>\n<meta property=\"og:url\" content=\"https:\/\/www.upm.cz\/an\/eshop\/plakat-vystavy-pavel-nadvornik-petr-lukas-post-radost\/\" \/>\n<meta property=\"og:site_name\" content=\"Um\u011bleckopr\u016fmyslov\u00e9 museum v Praze\" \/>\n<meta property=\"article:modified_time\" content=\"2025-09-30T09:28:33+00:00\" \/>\n<meta property=\"og:image\" content=\"https:\/\/www.upm.cz\/wp-content\/uploads\/A1_post_radost-Upm23-03-02-scaled.jpg\" \/>\n\t<meta property=\"og:image:width\" content=\"1809\" \/>\n\t<meta property=\"og:image:height\" content=\"2560\" \/>\n\t<meta property=\"og:image:type\" content=\"image\/jpeg\" \/>\n<meta name=\"twitter:card\" content=\"summary_large_image\" \/>\n<script type=\"application\/ld+json\" class=\"yoast-schema-graph\">{\"@context\":\"https:\/\/schema.org\",\"@graph\":[{\"@type\":\"WebPage\",\"@id\":\"https:\/\/www.upm.cz\/eshop\/plakat-vystavy-pavel-nadvornik-petr-lukas-post-radost\/\",\"url\":\"https:\/\/www.upm.cz\/eshop\/plakat-vystavy-pavel-nadvornik-petr-lukas-post-radost\/\",\"name\":\"PLAK\u00c1T V\u00ddSTAVY PAVEL N\u00c1DVORN\u00cdK & PETR LUK\u00c1\u0160 \/ POST & RADOST - Um\u011bleckopr\u016fmyslov\u00e9 museum v Praze\",\"isPartOf\":{\"@id\":\"https:\/\/www.upm.cz\/#website\"},\"primaryImageOfPage\":{\"@id\":\"https:\/\/www.upm.cz\/eshop\/plakat-vystavy-pavel-nadvornik-petr-lukas-post-radost\/#primaryimage\"},\"image\":{\"@id\":\"https:\/\/www.upm.cz\/eshop\/plakat-vystavy-pavel-nadvornik-petr-lukas-post-radost\/#primaryimage\"},\"thumbnailUrl\":\"https:\/\/www.upm.cz\/wp-content\/uploads\/A1_post_radost-Upm23-03-02-scaled.jpg\",\"datePublished\":\"2023-05-03T11:48:50+00:00\",\"dateModified\":\"2025-09-30T09:28:33+00:00\",\"description\":\"Plak\u00e1t k v\u00fdstav\u011b Pavel N\u00e1dvorn\u00edk (& Petr Luk\u00e1\u0161). Retrospektiva 0.3 \/ Post & Radost. velikost A1 594 \u00d7 841. Grafick\u00fd design Zuzana Lednick\u00e1, Studio Najbrt\",\"breadcrumb\":{\"@id\":\"https:\/\/www.upm.cz\/eshop\/plakat-vystavy-pavel-nadvornik-petr-lukas-post-radost\/#breadcrumb\"},\"inLanguage\":\"en-US\",\"potentialAction\":[{\"@type\":\"ReadAction\",\"target\":[\"https:\/\/www.upm.cz\/eshop\/plakat-vystavy-pavel-nadvornik-petr-lukas-post-radost\/\"]}]},{\"@type\":\"ImageObject\",\"inLanguage\":\"en-US\",\"@id\":\"https:\/\/www.upm.cz\/eshop\/plakat-vystavy-pavel-nadvornik-petr-lukas-post-radost\/#primaryimage\",\"url\":\"https:\/\/www.upm.cz\/wp-content\/uploads\/A1_post_radost-Upm23-03-02-scaled.jpg\",\"contentUrl\":\"https:\/\/www.upm.cz\/wp-content\/uploads\/A1_post_radost-Upm23-03-02-scaled.jpg\",\"width\":1809,\"height\":2560,\"caption\":\"Plak\u00e1t k v\u00fdstav\u011b s fotografi\u00ed V\u00e1clava Havla\"},{\"@type\":\"BreadcrumbList\",\"@id\":\"https:\/\/www.upm.cz\/eshop\/plakat-vystavy-pavel-nadvornik-petr-lukas-post-radost\/#breadcrumb\",\"itemListElement\":[{\"@type\":\"ListItem\",\"position\":1,\"name\":\"Dom\u016f\",\"item\":\"https:\/\/www.upm.cz\/\"},{\"@type\":\"ListItem\",\"position\":2,\"name\":\"eshop\",\"item\":\"https:\/\/www.upm.cz\/eshop\/\"},{\"@type\":\"ListItem\",\"position\":3,\"name\":\"PLAK\u00c1T V\u00ddSTAVY PAVEL N\u00c1DVORN\u00cdK &#038; PETR LUK\u00c1\u0160 \/ POST &#038; RADOST\"}]},{\"@type\":\"WebSite\",\"@id\":\"https:\/\/www.upm.cz\/#website\",\"url\":\"https:\/\/www.upm.cz\/\",\"name\":\"Um\u011bleckopr\u016fmyslov\u00e9 museum v Praze\",\"description\":\"\",\"publisher\":{\"@id\":\"https:\/\/www.upm.cz\/#organization\"},\"potentialAction\":[{\"@type\":\"SearchAction\",\"target\":{\"@type\":\"EntryPoint\",\"urlTemplate\":\"https:\/\/www.upm.cz\/?s={search_term_string}\"},\"query-input\":{\"@type\":\"PropertyValueSpecification\",\"valueRequired\":true,\"valueName\":\"search_term_string\"}}],\"inLanguage\":\"en-US\"},{\"@type\":\"Organization\",\"@id\":\"https:\/\/www.upm.cz\/#organization\",\"name\":\"Um\u011bleckopr\u016fmyslov\u00e9 museum v Praze\",\"url\":\"https:\/\/www.upm.cz\/\",\"logo\":{\"@type\":\"ImageObject\",\"inLanguage\":\"en-US\",\"@id\":\"https:\/\/www.upm.cz\/#\/schema\/logo\/image\/\",\"url\":\"https:\/\/www.upm.cz\/wp-content\/uploads\/2020\/03\/logo_upm_cz.svg\",\"contentUrl\":\"https:\/\/www.upm.cz\/wp-content\/uploads\/2020\/03\/logo_upm_cz.svg\",\"width\":1736,\"height\":295,\"caption\":\"Um\u011bleckopr\u016fmyslov\u00e9 museum v Praze\"},\"image\":{\"@id\":\"https:\/\/www.upm.cz\/#\/schema\/logo\/image\/\"}}]}<\/script>\n<!-- \/ Yoast SEO plugin. -->","yoast_head_json":{"title":"PLAK\u00c1T V\u00ddSTAVY PAVEL N\u00c1DVORN\u00cdK & PETR LUK\u00c1\u0160 \/ POST & RADOST - Um\u011bleckopr\u016fmyslov\u00e9 museum v Praze","description":"Plak\u00e1t k v\u00fdstav\u011b Pavel N\u00e1dvorn\u00edk (& Petr Luk\u00e1\u0161). Retrospektiva 0.3 \/ Post & Radost. velikost A1 594 \u00d7 841. Grafick\u00fd design Zuzana Lednick\u00e1, Studio Najbrt","robots":{"index":"index","follow":"follow","max-snippet":"max-snippet:-1","max-image-preview":"max-image-preview:large","max-video-preview":"max-video-preview:-1"},"canonical":"https:\/\/www.upm.cz\/an\/eshop\/plakat-vystavy-pavel-nadvornik-petr-lukas-post-radost\/","og_locale":"en_US","og_type":"article","og_title":"PLAK\u00c1T V\u00ddSTAVY PAVEL N\u00c1DVORN\u00cdK & PETR LUK\u00c1\u0160 \/ POST & RADOST - Um\u011bleckopr\u016fmyslov\u00e9 museum v Praze","og_description":"Plak\u00e1t k v\u00fdstav\u011b Pavel N\u00e1dvorn\u00edk (& Petr Luk\u00e1\u0161). Retrospektiva 0.3 \/ Post & Radost. velikost A1 594 \u00d7 841. Grafick\u00fd design Zuzana Lednick\u00e1, Studio Najbrt","og_url":"https:\/\/www.upm.cz\/an\/eshop\/plakat-vystavy-pavel-nadvornik-petr-lukas-post-radost\/","og_site_name":"Um\u011bleckopr\u016fmyslov\u00e9 museum v Praze","article_modified_time":"2025-09-30T09:28:33+00:00","og_image":[{"width":1809,"height":2560,"url":"https:\/\/www.upm.cz\/wp-content\/uploads\/A1_post_radost-Upm23-03-02-scaled.jpg","type":"image\/jpeg"}],"twitter_card":"summary_large_image","schema":{"@context":"https:\/\/schema.org","@graph":[{"@type":"WebPage","@id":"https:\/\/www.upm.cz\/eshop\/plakat-vystavy-pavel-nadvornik-petr-lukas-post-radost\/","url":"https:\/\/www.upm.cz\/eshop\/plakat-vystavy-pavel-nadvornik-petr-lukas-post-radost\/","name":"PLAK\u00c1T V\u00ddSTAVY PAVEL N\u00c1DVORN\u00cdK & PETR LUK\u00c1\u0160 \/ POST & RADOST - Um\u011bleckopr\u016fmyslov\u00e9 museum v Praze","isPartOf":{"@id":"https:\/\/www.upm.cz\/#website"},"primaryImageOfPage":{"@id":"https:\/\/www.upm.cz\/eshop\/plakat-vystavy-pavel-nadvornik-petr-lukas-post-radost\/#primaryimage"},"image":{"@id":"https:\/\/www.upm.cz\/eshop\/plakat-vystavy-pavel-nadvornik-petr-lukas-post-radost\/#primaryimage"},"thumbnailUrl":"https:\/\/www.upm.cz\/wp-content\/uploads\/A1_post_radost-Upm23-03-02-scaled.jpg","datePublished":"2023-05-03T11:48:50+00:00","dateModified":"2025-09-30T09:28:33+00:00","description":"Plak\u00e1t k v\u00fdstav\u011b Pavel N\u00e1dvorn\u00edk (& Petr Luk\u00e1\u0161). Retrospektiva 0.3 \/ Post & Radost. velikost A1 594 \u00d7 841. Grafick\u00fd design Zuzana Lednick\u00e1, Studio Najbrt","breadcrumb":{"@id":"https:\/\/www.upm.cz\/eshop\/plakat-vystavy-pavel-nadvornik-petr-lukas-post-radost\/#breadcrumb"},"inLanguage":"en-US","potentialAction":[{"@type":"ReadAction","target":["https:\/\/www.upm.cz\/eshop\/plakat-vystavy-pavel-nadvornik-petr-lukas-post-radost\/"]}]},{"@type":"ImageObject","inLanguage":"en-US","@id":"https:\/\/www.upm.cz\/eshop\/plakat-vystavy-pavel-nadvornik-petr-lukas-post-radost\/#primaryimage","url":"https:\/\/www.upm.cz\/wp-content\/uploads\/A1_post_radost-Upm23-03-02-scaled.jpg","contentUrl":"https:\/\/www.upm.cz\/wp-content\/uploads\/A1_post_radost-Upm23-03-02-scaled.jpg","width":1809,"height":2560,"caption":"Plak\u00e1t k v\u00fdstav\u011b s fotografi\u00ed V\u00e1clava Havla"},{"@type":"BreadcrumbList","@id":"https:\/\/www.upm.cz\/eshop\/plakat-vystavy-pavel-nadvornik-petr-lukas-post-radost\/#breadcrumb","itemListElement":[{"@type":"ListItem","position":1,"name":"Dom\u016f","item":"https:\/\/www.upm.cz\/"},{"@type":"ListItem","position":2,"name":"eshop","item":"https:\/\/www.upm.cz\/eshop\/"},{"@type":"ListItem","position":3,"name":"PLAK\u00c1T V\u00ddSTAVY PAVEL N\u00c1DVORN\u00cdK &#038; PETR LUK\u00c1\u0160 \/ POST &#038; RADOST"}]},{"@type":"WebSite","@id":"https:\/\/www.upm.cz\/#website","url":"https:\/\/www.upm.cz\/","name":"Um\u011bleckopr\u016fmyslov\u00e9 museum v Praze","description":"","publisher":{"@id":"https:\/\/www.upm.cz\/#organization"},"potentialAction":[{"@type":"SearchAction","target":{"@type":"EntryPoint","urlTemplate":"https:\/\/www.upm.cz\/?s={search_term_string}"},"query-input":{"@type":"PropertyValueSpecification","valueRequired":true,"valueName":"search_term_string"}}],"inLanguage":"en-US"},{"@type":"Organization","@id":"https:\/\/www.upm.cz\/#organization","name":"Um\u011bleckopr\u016fmyslov\u00e9 museum v Praze","url":"https:\/\/www.upm.cz\/","logo":{"@type":"ImageObject","inLanguage":"en-US","@id":"https:\/\/www.upm.cz\/#\/schema\/logo\/image\/","url":"https:\/\/www.upm.cz\/wp-content\/uploads\/2020\/03\/logo_upm_cz.svg","contentUrl":"https:\/\/www.upm.cz\/wp-content\/uploads\/2020\/03\/logo_upm_cz.svg","width":1736,"height":295,"caption":"Um\u011bleckopr\u016fmyslov\u00e9 museum v Praze"},"image":{"@id":"https:\/\/www.upm.cz\/#\/schema\/logo\/image\/"}}]}},"_links":{"self":[{"href":"https:\/\/www.upm.cz\/an\/wp-json\/wp\/v2\/product\/16405","targetHints":{"allow":["GET"]}}],"collection":[{"href":"https:\/\/www.upm.cz\/an\/wp-json\/wp\/v2\/product"}],"about":[{"href":"https:\/\/www.upm.cz\/an\/wp-json\/wp\/v2\/types\/product"}],"wp:featuredmedia":[{"embeddable":true,"href":"https:\/\/www.upm.cz\/an\/wp-json\/wp\/v2\/media\/16406"}],"wp:attachment":[{"href":"https:\/\/www.upm.cz\/an\/wp-json\/wp\/v2\/media?parent=16405"}],"wp:term":[{"taxonomy":"product_brand","embeddable":true,"href":"https:\/\/www.upm.cz\/an\/wp-json\/wp\/v2\/product_brand?post=16405"},{"taxonomy":"product_cat","embeddable":true,"href":"https:\/\/www.upm.cz\/an\/wp-json\/wp\/v2\/product_cat?post=16405"},{"taxonomy":"product_tag","embeddable":true,"href":"https:\/\/www.upm.cz\/an\/wp-json\/wp\/v2\/product_tag?post=16405"}],"curies":[{"name":"wp","href":"https:\/\/api.w.org\/{rel}","templated":true}]}}

PLAKÁT VÝSTAVY PAVEL NÁDVORNÍK &#038; PETR LUKÁŠ / POST &#038; RADOST

<p>Plakát k&nbsp;výstavě</p>

<!-- This site is optimized with the Yoast SEO plugin v26.9 - https://yoast.com/product/yoast-seo-wordpress/ -->
<title>PLAKÁT VÝSTAVY PAVEL NÁDVORNÍK &amp; PETR LUKÁŠ / POST &amp; RADOST - Uměleckoprůmyslové museum v Praze</title>
<meta name="description" content="Plakát k výstavě Pavel Nádvorník (&amp; Petr Lukáš). Retrospektiva 0.3 / Post &amp; Radost. velikost A1 594 × 841. Grafický design Zuzana Lednická, Studio Najbrt" />
<meta name="robots" content="index, follow, max-snippet:-1, max-image-preview:large, max-video-preview:-1" />
<link rel="canonical" href="https://www.upm.cz/an/eshop/plakat-vystavy-pavel-nadvornik-petr-lukas-post-radost/" />
<meta property="og:locale" content="en_US" />
<meta property="og:type" content="article" />
<meta property="og:title" content="PLAKÁT VÝSTAVY PAVEL NÁDVORNÍK &amp; PETR LUKÁŠ / POST &amp; RADOST - Uměleckoprůmyslové museum v Praze" />
<meta property="og:description" content="Plakát k výstavě Pavel Nádvorník (&amp; Petr Lukáš). Retrospektiva 0.3 / Post &amp; Radost. velikost A1 594 × 841. Grafický design Zuzana Lednická, Studio Najbrt" />
<meta property="og:url" content="https://www.upm.cz/an/eshop/plakat-vystavy-pavel-nadvornik-petr-lukas-post-radost/" />
<meta property="og:site_name" content="Uměleckoprůmyslové museum v Praze" />
<meta property="article:modified_time" content="2025-09-30T09:28:33+00:00" />
<meta property="og:image" content="https://www.upm.cz/wp-content/uploads/A1_post_radost-Upm23-03-02-scaled.jpg" />
	<meta property="og:image:width" content="1809" />
	<meta property="og:image:height" content="2560" />
	<meta property="og:image:type" content="image/jpeg" />
<meta name="twitter:card" content="summary_large_image" />
<script type="application/ld+json" class="yoast-schema-graph">{"@context":"https://schema.org","@graph":[{"@type":"WebPage","@id":"https://www.upm.cz/eshop/plakat-vystavy-pavel-nadvornik-petr-lukas-post-radost/","url":"https://www.upm.cz/eshop/plakat-vystavy-pavel-nadvornik-petr-lukas-post-radost/","name":"PLAKÁT VÝSTAVY PAVEL NÁDVORNÍK & PETR LUKÁŠ / POST & RADOST - Uměleckoprůmyslové museum v Praze","isPartOf":{"@id":"https://www.upm.cz/#website"},"primaryImageOfPage":{"@id":"https://www.upm.cz/eshop/plakat-vystavy-pavel-nadvornik-petr-lukas-post-radost/#primaryimage"},"image":{"@id":"https://www.upm.cz/eshop/plakat-vystavy-pavel-nadvornik-petr-lukas-post-radost/#primaryimage"},"thumbnailUrl":"https://www.upm.cz/wp-content/uploads/A1_post_radost-Upm23-03-02-scaled.jpg","datePublished":"2023-05-03T11:48:50+00:00","dateModified":"2025-09-30T09:28:33+00:00","description":"Plakát k výstavě Pavel Nádvorník (& Petr Lukáš). Retrospektiva 0.3 / Post & Radost. velikost A1 594 × 841. Grafický design Zuzana Lednická, Studio Najbrt","breadcrumb":{"@id":"https://www.upm.cz/eshop/plakat-vystavy-pavel-nadvornik-petr-lukas-post-radost/#breadcrumb"},"inLanguage":"en-US","potentialAction":[{"@type":"ReadAction","target":["https://www.upm.cz/eshop/plakat-vystavy-pavel-nadvornik-petr-lukas-post-radost/"]}]},{"@type":"ImageObject","inLanguage":"en-US","@id":"https://www.upm.cz/eshop/plakat-vystavy-pavel-nadvornik-petr-lukas-post-radost/#primaryimage","url":"https://www.upm.cz/wp-content/uploads/A1_post_radost-Upm23-03-02-scaled.jpg","contentUrl":"https://www.upm.cz/wp-content/uploads/A1_post_radost-Upm23-03-02-scaled.jpg","width":1809,"height":2560,"caption":"Plakát k výstavě s fotografií Václava Havla"},{"@type":"BreadcrumbList","@id":"https://www.upm.cz/eshop/plakat-vystavy-pavel-nadvornik-petr-lukas-post-radost/#breadcrumb","itemListElement":[{"@type":"ListItem","position":1,"name":"Domů","item":"https://www.upm.cz/"},{"@type":"ListItem","position":2,"name":"eshop","item":"https://www.upm.cz/eshop/"},{"@type":"ListItem","position":3,"name":"PLAKÁT VÝSTAVY PAVEL NÁDVORNÍK &#038; PETR LUKÁŠ / POST &#038; RADOST"}]},{"@type":"WebSite","@id":"https://www.upm.cz/#website","url":"https://www.upm.cz/","name":"Uměleckoprůmyslové museum v Praze","description":"","publisher":{"@id":"https://www.upm.cz/#organization"},"potentialAction":[{"@type":"SearchAction","target":{"@type":"EntryPoint","urlTemplate":"https://www.upm.cz/?s={search_term_string}"},"query-input":{"@type":"PropertyValueSpecification","valueRequired":true,"valueName":"search_term_string"}}],"inLanguage":"en-US"},{"@type":"Organization","@id":"https://www.upm.cz/#organization","name":"Uměleckoprůmyslové museum v Praze","url":"https://www.upm.cz/","logo":{"@type":"ImageObject","inLanguage":"en-US","@id":"https://www.upm.cz/#/schema/logo/image/","url":"https://www.upm.cz/wp-content/uploads/2020/03/logo_upm_cz.svg","contentUrl":"https://www.upm.cz/wp-content/uploads/2020/03/logo_upm_cz.svg","width":1736,"height":295,"caption":"Uměleckoprůmyslové museum v Praze"},"image":{"@id":"https://www.upm.cz/#/schema/logo/image/"}}]}</script>
<!-- / Yoast SEO plugin. -->

PLAKÁT VÝSTAVY PAVEL NÁDVORNÍK & PETR LUKÁŠ / POST & RADOST - Uměleckoprůmyslové museum v Praze

Plakát k výstavě Pavel Nádvorník (& Petr Lukáš). Retrospektiva 0.3 / Post & Radost. velikost A1 594 × 841. Grafický design Zuzana Lednická, Studio Najbrt

Uměleckoprůmyslové museum v Praze

Plakát k výstavě s fotografií Václava Havla

Domů
