{"id":24242,"date":"2025-12-02T11:17:56","date_gmt":"2025-12-02T10:17:56","guid":{"rendered":"https:\/\/www.upm.cz\/?post_type=product&#038;p=24242"},"modified":"2026-04-27T10:10:26","modified_gmt":"2026-04-27T08:10:26","slug":"adolf-matura","status":"publish","type":"product","link":"https:\/\/www.upm.cz\/an\/eshop\/adolf-matura\/","title":{"rendered":"ADOLF MATURA"},"content":{"rendered":"<p>Adolf Matura (1921\u20131979), v\u00fdrazn\u00e1 osobnost \u010deskoslovensk\u00e9ho skl\u00e1\u0159sk\u00e9ho um\u011bn\u00ed a&nbsp;designu, se z\u00e1sadn\u011b pod\u00edlel na podob\u011b u\u017eitkov\u00e9ho a&nbsp;dekorativn\u00edho skla pades\u00e1t\u00fdch a\u017e sedmdes\u00e1t\u00fdch let minul\u00e9ho stolet\u00ed. Studoval v&nbsp;ateli\u00e9ru profesora Karla \u0160tipla na pra\u017esk\u00e9 Um\u011bleckopr\u016fmyslov\u00e9 \u0161kole. Po&nbsp;kr\u00e1tk\u00e9m p\u016fsoben\u00ed jako samostatn\u00fd rytec skla za\u010dal v&nbsp;roce 1952 p\u016fsobit jako design\u00e9r v&nbsp;\u00dast\u0159edn\u00edm v\u00fdtvarn\u00e9m st\u0159edisku pro pr\u016fmysl skla a&nbsp;jemn\u00e9 keramiky. Se sv\u00fdmi n\u00e1vrhy se z\u00fa\u010dastnil v\u00fdznamn\u00fdch mezin\u00e1rodn\u00edch p\u0159ehl\u00eddek u\u017eit\u00e9ho um\u011bn\u00ed XI. Trien\u00e1le v&nbsp;Mil\u00e1n\u011b v&nbsp;roce 1957 a&nbsp;sv\u011btov\u00e9 v\u00fdstavy Expo 58 v&nbsp;Bruselu. Roku 1959 se stal vedouc\u00edm v\u00fdtvarn\u00edkem oboru skla v&nbsp;nov\u011b vznikl\u00e9m \u00dastavu bytov\u00e9 a&nbsp;od\u011bvn\u00ed kultury (\u00daBOK) v&nbsp;Praze. Jako zku\u0161en\u00fd design\u00e9r vytvo\u0159il mno\u017estv\u00ed n\u00e1vrh\u016f foukan\u00e9ho, brou\u0161en\u00e9ho i&nbsp;hutn\u011b tvarovan\u00e9ho skla, p\u0159edev\u0161\u00edm se ale zam\u011b\u0159il na sklo lisovan\u00e9, jeho\u017e v\u00fdvoj progresivn\u011b ovlivnil jak z&nbsp;v\u00fdtvarn\u00e9ho, tak z&nbsp;technologick\u00e9ho hlediska.<br \/>\nKniha p\u0159edstavuje Maturovu tvorbu od ran\u00fdch autorsk\u00fdch ryteck\u00fdch prac\u00ed, kter\u00e9 v&nbsp;letech 1957 a\u017e 1960 \u00fasp\u011b\u0161n\u011b reprezentovaly modern\u00ed \u010deskoslovensk\u00e9 sklo na mezin\u00e1rodn\u00edch v\u00fdstav\u00e1ch u\u017eit\u00e9ho um\u011bn\u00ed a&nbsp;skla, po&nbsp;socha\u0159sky \u0159e\u0161en\u00e9 lisovan\u00e9 v\u00e1zy z&nbsp;let \u0161edes\u00e1t\u00fdch a&nbsp;sedmdes\u00e1t\u00fdch, jimi\u017e podstatn\u011b ovlivnil a&nbsp;obohatil v\u00fdtvarnou podobu s\u00e9riov\u00e9 produkce u\u017eitkov\u00e9ho i&nbsp;dekorativn\u00edho skla.<br \/>\nKniha vych\u00e1z\u00ed jako dev\u00e1t\u00fd svazek edice Design Profily Osobnosti.<\/p>","protected":false},"excerpt":{"rendered":"<p>Koncepce knihy a&nbsp;text: Jan Mergl<br \/>\nRedakce text\u016f: Kate\u0159ina Bend\u00e1kov\u00e1, Karol\u00edna Hajd\u00edkov\u00e1<br \/>\nP\u0159eklad resum\u00e9: Linda Leffov\u00e1<br \/>\nFotografie: Gabriel Urb\u00e1nek, Ond\u0159ej Kocourek, Ale\u0161 Kosina<br \/>\nReprodukce archivn\u00edch dokument\u016f: Jan Mergl<br \/>\nGraficky\u0301 design: \u0160t\u011bp\u00e1n Malovec<\/p>\n<p>ISBN 978-80-7101-247-4<\/p>","protected":false},"featured_media":24240,"template":"","meta":{"_acf_changed":false},"product_brand":[],"product_cat":[45],"product_tag":[],"class_list":{"0":"post-24242","1":"product","2":"type-product","3":"status-publish","4":"has-post-thumbnail","6":"product_cat-knihy","8":"first","9":"instock","10":"shipping-taxable","11":"purchasable","12":"product-type-simple"},"acf":[],"yoast_head":"<!-- This site is optimized with the Yoast SEO plugin v26.9 - https:\/\/yoast.com\/product\/yoast-seo-wordpress\/ -->\n<title>ADOLF MATURA - Um\u011bleckopr\u016fmyslov\u00e9 museum v Praze<\/title>\n<meta name=\"robots\" content=\"index, follow, max-snippet:-1, max-image-preview:large, max-video-preview:-1\" \/>\n<link rel=\"canonical\" href=\"https:\/\/www.upm.cz\/an\/eshop\/adolf-matura\/\" \/>\n<meta property=\"og:locale\" content=\"en_US\" \/>\n<meta property=\"og:type\" content=\"article\" \/>\n<meta property=\"og:title\" content=\"ADOLF MATURA - Um\u011bleckopr\u016fmyslov\u00e9 museum v Praze\" \/>\n<meta property=\"og:description\" content=\"Koncepce knihy a text: Jan Mergl Redakce text\u016f: Kate\u0159ina Bend\u00e1kov\u00e1, Karol\u00edna Hajd\u00edkov\u00e1 P\u0159eklad resum\u00e9: Linda Leffov\u00e1 Fotografie: Gabriel Urb\u00e1nek, Ond\u0159ej Kocourek, Ale\u0161 Kosina Reprodukce archivn\u00edch dokument\u016f: Jan Mergl Graficky\u0301 design: \u0160t\u011bp\u00e1n Malovec  ISBN 978-80-7101-247-4\" \/>\n<meta property=\"og:url\" content=\"https:\/\/www.upm.cz\/an\/eshop\/adolf-matura\/\" \/>\n<meta property=\"og:site_name\" content=\"Um\u011bleckopr\u016fmyslov\u00e9 museum v Praze\" \/>\n<meta property=\"article:modified_time\" content=\"2026-04-27T08:10:26+00:00\" \/>\n<meta property=\"og:image\" content=\"https:\/\/www.upm.cz\/wp-content\/uploads\/Matura_2654-scaled.jpg\" \/>\n\t<meta property=\"og:image:width\" content=\"2274\" \/>\n\t<meta property=\"og:image:height\" content=\"2560\" \/>\n\t<meta property=\"og:image:type\" content=\"image\/jpeg\" \/>\n<meta name=\"twitter:card\" content=\"summary_large_image\" \/>\n<meta name=\"twitter:label1\" content=\"Est. reading time\" \/>\n\t<meta name=\"twitter:data1\" content=\"1 minute\" \/>\n<script type=\"application\/ld+json\" class=\"yoast-schema-graph\">{\"@context\":\"https:\/\/schema.org\",\"@graph\":[{\"@type\":\"WebPage\",\"@id\":\"https:\/\/www.upm.cz\/eshop\/adolf-matura\/\",\"url\":\"https:\/\/www.upm.cz\/eshop\/adolf-matura\/\",\"name\":\"ADOLF MATURA - Um\u011bleckopr\u016fmyslov\u00e9 museum v Praze\",\"isPartOf\":{\"@id\":\"https:\/\/www.upm.cz\/#website\"},\"primaryImageOfPage\":{\"@id\":\"https:\/\/www.upm.cz\/eshop\/adolf-matura\/#primaryimage\"},\"image\":{\"@id\":\"https:\/\/www.upm.cz\/eshop\/adolf-matura\/#primaryimage\"},\"thumbnailUrl\":\"https:\/\/www.upm.cz\/wp-content\/uploads\/Matura_2654-scaled.jpg\",\"datePublished\":\"2025-12-02T10:17:56+00:00\",\"dateModified\":\"2026-04-27T08:10:26+00:00\",\"breadcrumb\":{\"@id\":\"https:\/\/www.upm.cz\/eshop\/adolf-matura\/#breadcrumb\"},\"inLanguage\":\"en-US\",\"potentialAction\":[{\"@type\":\"ReadAction\",\"target\":[\"https:\/\/www.upm.cz\/eshop\/adolf-matura\/\"]}]},{\"@type\":\"ImageObject\",\"inLanguage\":\"en-US\",\"@id\":\"https:\/\/www.upm.cz\/eshop\/adolf-matura\/#primaryimage\",\"url\":\"https:\/\/www.upm.cz\/wp-content\/uploads\/Matura_2654-scaled.jpg\",\"contentUrl\":\"https:\/\/www.upm.cz\/wp-content\/uploads\/Matura_2654-scaled.jpg\",\"width\":2274,\"height\":2560,\"caption\":\"aDOLF mATURA\"},{\"@type\":\"BreadcrumbList\",\"@id\":\"https:\/\/www.upm.cz\/eshop\/adolf-matura\/#breadcrumb\",\"itemListElement\":[{\"@type\":\"ListItem\",\"position\":1,\"name\":\"Dom\u016f\",\"item\":\"https:\/\/www.upm.cz\/\"},{\"@type\":\"ListItem\",\"position\":2,\"name\":\"eshop\",\"item\":\"https:\/\/www.upm.cz\/eshop\/\"},{\"@type\":\"ListItem\",\"position\":3,\"name\":\"ADOLF MATURA\"}]},{\"@type\":\"WebSite\",\"@id\":\"https:\/\/www.upm.cz\/#website\",\"url\":\"https:\/\/www.upm.cz\/\",\"name\":\"Um\u011bleckopr\u016fmyslov\u00e9 museum v Praze\",\"description\":\"\",\"publisher\":{\"@id\":\"https:\/\/www.upm.cz\/#organization\"},\"potentialAction\":[{\"@type\":\"SearchAction\",\"target\":{\"@type\":\"EntryPoint\",\"urlTemplate\":\"https:\/\/www.upm.cz\/?s={search_term_string}\"},\"query-input\":{\"@type\":\"PropertyValueSpecification\",\"valueRequired\":true,\"valueName\":\"search_term_string\"}}],\"inLanguage\":\"en-US\"},{\"@type\":\"Organization\",\"@id\":\"https:\/\/www.upm.cz\/#organization\",\"name\":\"Um\u011bleckopr\u016fmyslov\u00e9 museum v Praze\",\"url\":\"https:\/\/www.upm.cz\/\",\"logo\":{\"@type\":\"ImageObject\",\"inLanguage\":\"en-US\",\"@id\":\"https:\/\/www.upm.cz\/#\/schema\/logo\/image\/\",\"url\":\"https:\/\/www.upm.cz\/wp-content\/uploads\/2020\/03\/logo_upm_cz.svg\",\"contentUrl\":\"https:\/\/www.upm.cz\/wp-content\/uploads\/2020\/03\/logo_upm_cz.svg\",\"width\":1736,\"height\":295,\"caption\":\"Um\u011bleckopr\u016fmyslov\u00e9 museum v Praze\"},\"image\":{\"@id\":\"https:\/\/www.upm.cz\/#\/schema\/logo\/image\/\"}}]}<\/script>\n<!-- \/ Yoast SEO plugin. -->","yoast_head_json":{"title":"ADOLF MATURA - Um\u011bleckopr\u016fmyslov\u00e9 museum v Praze","robots":{"index":"index","follow":"follow","max-snippet":"max-snippet:-1","max-image-preview":"max-image-preview:large","max-video-preview":"max-video-preview:-1"},"canonical":"https:\/\/www.upm.cz\/an\/eshop\/adolf-matura\/","og_locale":"en_US","og_type":"article","og_title":"ADOLF MATURA - Um\u011bleckopr\u016fmyslov\u00e9 museum v Praze","og_description":"Koncepce knihy a text: Jan Mergl Redakce text\u016f: Kate\u0159ina Bend\u00e1kov\u00e1, Karol\u00edna Hajd\u00edkov\u00e1 P\u0159eklad resum\u00e9: Linda Leffov\u00e1 Fotografie: Gabriel Urb\u00e1nek, Ond\u0159ej Kocourek, Ale\u0161 Kosina Reprodukce archivn\u00edch dokument\u016f: Jan Mergl Graficky\u0301 design: \u0160t\u011bp\u00e1n Malovec  ISBN 978-80-7101-247-4","og_url":"https:\/\/www.upm.cz\/an\/eshop\/adolf-matura\/","og_site_name":"Um\u011bleckopr\u016fmyslov\u00e9 museum v Praze","article_modified_time":"2026-04-27T08:10:26+00:00","og_image":[{"width":2274,"height":2560,"url":"https:\/\/www.upm.cz\/wp-content\/uploads\/Matura_2654-scaled.jpg","type":"image\/jpeg"}],"twitter_card":"summary_large_image","twitter_misc":{"Est. reading time":"1 minute"},"schema":{"@context":"https:\/\/schema.org","@graph":[{"@type":"WebPage","@id":"https:\/\/www.upm.cz\/eshop\/adolf-matura\/","url":"https:\/\/www.upm.cz\/eshop\/adolf-matura\/","name":"ADOLF MATURA - Um\u011bleckopr\u016fmyslov\u00e9 museum v Praze","isPartOf":{"@id":"https:\/\/www.upm.cz\/#website"},"primaryImageOfPage":{"@id":"https:\/\/www.upm.cz\/eshop\/adolf-matura\/#primaryimage"},"image":{"@id":"https:\/\/www.upm.cz\/eshop\/adolf-matura\/#primaryimage"},"thumbnailUrl":"https:\/\/www.upm.cz\/wp-content\/uploads\/Matura_2654-scaled.jpg","datePublished":"2025-12-02T10:17:56+00:00","dateModified":"2026-04-27T08:10:26+00:00","breadcrumb":{"@id":"https:\/\/www.upm.cz\/eshop\/adolf-matura\/#breadcrumb"},"inLanguage":"en-US","potentialAction":[{"@type":"ReadAction","target":["https:\/\/www.upm.cz\/eshop\/adolf-matura\/"]}]},{"@type":"ImageObject","inLanguage":"en-US","@id":"https:\/\/www.upm.cz\/eshop\/adolf-matura\/#primaryimage","url":"https:\/\/www.upm.cz\/wp-content\/uploads\/Matura_2654-scaled.jpg","contentUrl":"https:\/\/www.upm.cz\/wp-content\/uploads\/Matura_2654-scaled.jpg","width":2274,"height":2560,"caption":"aDOLF mATURA"},{"@type":"BreadcrumbList","@id":"https:\/\/www.upm.cz\/eshop\/adolf-matura\/#breadcrumb","itemListElement":[{"@type":"ListItem","position":1,"name":"Dom\u016f","item":"https:\/\/www.upm.cz\/"},{"@type":"ListItem","position":2,"name":"eshop","item":"https:\/\/www.upm.cz\/eshop\/"},{"@type":"ListItem","position":3,"name":"ADOLF MATURA"}]},{"@type":"WebSite","@id":"https:\/\/www.upm.cz\/#website","url":"https:\/\/www.upm.cz\/","name":"Um\u011bleckopr\u016fmyslov\u00e9 museum v Praze","description":"","publisher":{"@id":"https:\/\/www.upm.cz\/#organization"},"potentialAction":[{"@type":"SearchAction","target":{"@type":"EntryPoint","urlTemplate":"https:\/\/www.upm.cz\/?s={search_term_string}"},"query-input":{"@type":"PropertyValueSpecification","valueRequired":true,"valueName":"search_term_string"}}],"inLanguage":"en-US"},{"@type":"Organization","@id":"https:\/\/www.upm.cz\/#organization","name":"Um\u011bleckopr\u016fmyslov\u00e9 museum v Praze","url":"https:\/\/www.upm.cz\/","logo":{"@type":"ImageObject","inLanguage":"en-US","@id":"https:\/\/www.upm.cz\/#\/schema\/logo\/image\/","url":"https:\/\/www.upm.cz\/wp-content\/uploads\/2020\/03\/logo_upm_cz.svg","contentUrl":"https:\/\/www.upm.cz\/wp-content\/uploads\/2020\/03\/logo_upm_cz.svg","width":1736,"height":295,"caption":"Um\u011bleckopr\u016fmyslov\u00e9 museum v Praze"},"image":{"@id":"https:\/\/www.upm.cz\/#\/schema\/logo\/image\/"}}]}},"_links":{"self":[{"href":"https:\/\/www.upm.cz\/an\/wp-json\/wp\/v2\/product\/24242","targetHints":{"allow":["GET"]}}],"collection":[{"href":"https:\/\/www.upm.cz\/an\/wp-json\/wp\/v2\/product"}],"about":[{"href":"https:\/\/www.upm.cz\/an\/wp-json\/wp\/v2\/types\/product"}],"wp:featuredmedia":[{"embeddable":true,"href":"https:\/\/www.upm.cz\/an\/wp-json\/wp\/v2\/media\/24240"}],"wp:attachment":[{"href":"https:\/\/www.upm.cz\/an\/wp-json\/wp\/v2\/media?parent=24242"}],"wp:term":[{"taxonomy":"product_brand","embeddable":true,"href":"https:\/\/www.upm.cz\/an\/wp-json\/wp\/v2\/product_brand?post=24242"},{"taxonomy":"product_cat","embeddable":true,"href":"https:\/\/www.upm.cz\/an\/wp-json\/wp\/v2\/product_cat?post=24242"},{"taxonomy":"product_tag","embeddable":true,"href":"https:\/\/www.upm.cz\/an\/wp-json\/wp\/v2\/product_tag?post=24242"}],"curies":[{"name":"wp","href":"https:\/\/api.w.org\/{rel}","templated":true}]}}

<p>Adolf Matura (1921–1979), výrazná osobnost československého sklářského umění a&nbsp;designu, se zásadně podílel na podobě užitkového a&nbsp;dekorativního skla padesátých až sedmdesátých let minulého století. Studoval v&nbsp;ateliéru profesora Karla Štipla na pražské Uměleckoprůmyslové škole. Po&nbsp;krátkém působení jako samostatný rytec skla začal v&nbsp;roce 1952 působit jako designér v&nbsp;Ústředním výtvarném středisku pro průmysl skla a&nbsp;jemné keramiky. Se svými návrhy se zúčastnil významných mezinárodních přehlídek užitého umění XI. Trienále v&nbsp;Miláně v&nbsp;roce 1957 a&nbsp;světové výstavy Expo 58 v&nbsp;Bruselu. Roku 1959 se stal vedoucím výtvarníkem oboru skla v&nbsp;nově vzniklém Ústavu bytové a&nbsp;oděvní kultury (ÚBOK) v&nbsp;Praze. Jako zkušený designér vytvořil množství návrhů foukaného, broušeného i&nbsp;hutně tvarovaného skla, především se ale zaměřil na sklo lisované, jehož vývoj progresivně ovlivnil jak z&nbsp;výtvarného, tak z&nbsp;technologického hlediska.<br />
Kniha představuje Maturovu tvorbu od raných autorských ryteckých prací, které v&nbsp;letech 1957 až 1960 úspěšně reprezentovaly moderní československé sklo na mezinárodních výstavách užitého umění a&nbsp;skla, po&nbsp;sochařsky řešené lisované vázy z&nbsp;let šedesátých a&nbsp;sedmdesátých, jimiž podstatně ovlivnil a&nbsp;obohatil výtvarnou podobu sériové produkce užitkového i&nbsp;dekorativního skla.<br />
Kniha vychází jako devátý svazek edice Design Profily Osobnosti.</p>

<p>Koncepce knihy a&nbsp;text: Jan Mergl<br />
Redakce textů: Kateřina Bendáková, Karolína Hajdíková<br />
Překlad resumé: Linda Leffová<br />
Fotografie: Gabriel Urbánek, Ondřej Kocourek, Aleš Kosina<br />
Reprodukce archivních dokumentů: Jan Mergl<br />
Grafický design: Štěpán Malovec</p>
<p>ISBN 978-80-7101-247-4</p>

<!-- This site is optimized with the Yoast SEO plugin v26.9 - https://yoast.com/product/yoast-seo-wordpress/ -->
<title>ADOLF MATURA - Uměleckoprůmyslové museum v Praze</title>
<meta name="robots" content="index, follow, max-snippet:-1, max-image-preview:large, max-video-preview:-1" />
<link rel="canonical" href="https://www.upm.cz/an/eshop/adolf-matura/" />
<meta property="og:locale" content="en_US" />
<meta property="og:type" content="article" />
<meta property="og:title" content="ADOLF MATURA - Uměleckoprůmyslové museum v Praze" />
<meta property="og:description" content="Koncepce knihy a text: Jan Mergl Redakce textů: Kateřina Bendáková, Karolína Hajdíková Překlad resumé: Linda Leffová Fotografie: Gabriel Urbánek, Ondřej Kocourek, Aleš Kosina Reprodukce archivních dokumentů: Jan Mergl Grafický design: Štěpán Malovec  ISBN 978-80-7101-247-4" />
<meta property="og:url" content="https://www.upm.cz/an/eshop/adolf-matura/" />
<meta property="og:site_name" content="Uměleckoprůmyslové museum v Praze" />
<meta property="article:modified_time" content="2026-04-27T08:10:26+00:00" />
<meta property="og:image" content="https://www.upm.cz/wp-content/uploads/Matura_2654-scaled.jpg" />
	<meta property="og:image:width" content="2274" />
	<meta property="og:image:height" content="2560" />
	<meta property="og:image:type" content="image/jpeg" />
<meta name="twitter:card" content="summary_large_image" />
<meta name="twitter:label1" content="Est. reading time" />
	<meta name="twitter:data1" content="1 minute" />
<script type="application/ld+json" class="yoast-schema-graph">{"@context":"https://schema.org","@graph":[{"@type":"WebPage","@id":"https://www.upm.cz/eshop/adolf-matura/","url":"https://www.upm.cz/eshop/adolf-matura/","name":"ADOLF MATURA - Uměleckoprůmyslové museum v Praze","isPartOf":{"@id":"https://www.upm.cz/#website"},"primaryImageOfPage":{"@id":"https://www.upm.cz/eshop/adolf-matura/#primaryimage"},"image":{"@id":"https://www.upm.cz/eshop/adolf-matura/#primaryimage"},"thumbnailUrl":"https://www.upm.cz/wp-content/uploads/Matura_2654-scaled.jpg","datePublished":"2025-12-02T10:17:56+00:00","dateModified":"2026-04-27T08:10:26+00:00","breadcrumb":{"@id":"https://www.upm.cz/eshop/adolf-matura/#breadcrumb"},"inLanguage":"en-US","potentialAction":[{"@type":"ReadAction","target":["https://www.upm.cz/eshop/adolf-matura/"]}]},{"@type":"ImageObject","inLanguage":"en-US","@id":"https://www.upm.cz/eshop/adolf-matura/#primaryimage","url":"https://www.upm.cz/wp-content/uploads/Matura_2654-scaled.jpg","contentUrl":"https://www.upm.cz/wp-content/uploads/Matura_2654-scaled.jpg","width":2274,"height":2560,"caption":"aDOLF mATURA"},{"@type":"BreadcrumbList","@id":"https://www.upm.cz/eshop/adolf-matura/#breadcrumb","itemListElement":[{"@type":"ListItem","position":1,"name":"Domů","item":"https://www.upm.cz/"},{"@type":"ListItem","position":2,"name":"eshop","item":"https://www.upm.cz/eshop/"},{"@type":"ListItem","position":3,"name":"ADOLF MATURA"}]},{"@type":"WebSite","@id":"https://www.upm.cz/#website","url":"https://www.upm.cz/","name":"Uměleckoprůmyslové museum v Praze","description":"","publisher":{"@id":"https://www.upm.cz/#organization"},"potentialAction":[{"@type":"SearchAction","target":{"@type":"EntryPoint","urlTemplate":"https://www.upm.cz/?s={search_term_string}"},"query-input":{"@type":"PropertyValueSpecification","valueRequired":true,"valueName":"search_term_string"}}],"inLanguage":"en-US"},{"@type":"Organization","@id":"https://www.upm.cz/#organization","name":"Uměleckoprůmyslové museum v Praze","url":"https://www.upm.cz/","logo":{"@type":"ImageObject","inLanguage":"en-US","@id":"https://www.upm.cz/#/schema/logo/image/","url":"https://www.upm.cz/wp-content/uploads/2020/03/logo_upm_cz.svg","contentUrl":"https://www.upm.cz/wp-content/uploads/2020/03/logo_upm_cz.svg","width":1736,"height":295,"caption":"Uměleckoprůmyslové museum v Praze"},"image":{"@id":"https://www.upm.cz/#/schema/logo/image/"}}]}</script>
<!-- / Yoast SEO plugin. -->

ADOLF MATURA - Uměleckoprůmyslové museum v Praze

Koncepce knihy a text: Jan Mergl Redakce textů: Kateřina Bendáková, Karolína Hajdíková Překlad resumé: Linda Leffová Fotografie: Gabriel Urbánek, Ondřej Kocourek, Aleš Kosina Reprodukce archivních dokumentů: Jan Mergl Grafický design: Štěpán Malovec  ISBN 978-80-7101-247-4

Uměleckoprůmyslové museum v Praze

Domů
